{"id":3320,"date":"2020-01-17T16:06:56","date_gmt":"2020-01-17T15:06:56","guid":{"rendered":"https:\/\/adrianb9.sg-host.com\/?post_type=product&#038;p=3320"},"modified":"2025-09-19T08:41:24","modified_gmt":"2025-09-19T05:41:24","slug":"adeziv-exterior-modulo-extra-flex","status":"publish","type":"product","link":"https:\/\/ateliermodulo.fr\/ro\/produs\/adeziv-exterior-modulo-extra-flex\/","title":{"rendered":"Adeziv exterior MODULO Extra Flex"},"content":{"rendered":"<p>Adezivii MODULO sunt special concepu\u0163i \u0219i formula\u0163i pentru linia de piatr\u0103 decorativ\u0103 MODULO. Aceast\u0103 gam\u0103 de adezivi a fost testat\u0103 de-a lungul timpului \u0219i are standarde de calitate certificate. Prin urmare este recomandat s\u0103 folosi\u021bi adezivii MODULO, deoarece MODULO nu poate garanta rezultatele \u00een cazul utiliz\u0103rii altor adezivi. Adezivii MODULO sunt special proiecta\u0163i pentru asigura aderen\u0163a pl\u0103cilor MODULO la un num\u0103r ridicat de suprafe\u021be.<\/p>\n","protected":false},"excerpt":{"rendered":"<p>Adezivii MODULO sunt special concepu\u0163i \u0219i formula\u0163i pentru linia de piatr\u0103 decorativ\u0103 MODULO. Aceast\u0103 gam\u0103 de adezivi a fost testat\u0103 de-a lungul timpului \u0219i are standarde de calitate certificate. Prin urmare este recomandat s\u0103 folosi\u021bi adezivii MODULO, deoarece MODULO nu poate garanta rezultatele \u00een cazul utiliz\u0103rii altor adezivi. Adezivii MODULO sunt special proiecta\u0163i pentru asigura [&hellip;]<\/p>\n","protected":false},"featured_media":17755,"template":"","meta":[],"product_brand":[],"product_cat":[1305,1348,1314],"product_tag":[765],"class_list":{"0":"post-3320","1":"product","2":"type-product","3":"status-publish","4":"has-post-thumbnail","6":"product_cat-adezivi","7":"product_cat-doar-exterior","8":"product_cat-in-productie","9":"product_tag-accesorii","11":"first","12":"instock","13":"shipping-taxable","14":"product-type-simple"},"yoast_head":"<title>Adeziv exterior MODULO Extra Flex | AtelierModulo<\/title>\n<meta name=\"robots\" content=\"index, follow, max-snippet:-1, max-image-preview:large, max-video-preview:-1\" \/>\n<link rel=\"canonical\" href=\"https:\/\/ateliermodulo.fr\/ro\/produs\/adeziv-exterior-modulo-extra-flex\/\" \/>\n<meta property=\"og:locale\" content=\"ro_RO\" \/>\n<meta property=\"og:type\" content=\"article\" \/>\n<meta property=\"og:title\" content=\"Adeziv exterior MODULO Extra Flex | AtelierModulo\" \/>\n<meta property=\"og:description\" content=\"Adezivii MODULO sunt special concepu\u0163i \u0219i formula\u0163i pentru linia de piatr\u0103 decorativ\u0103 MODULO. Aceast\u0103 gam\u0103 de adezivi a fost testat\u0103 de-a lungul timpului \u0219i are standarde de calitate certificate. Prin urmare este recomandat s\u0103 folosi\u021bi adezivii MODULO, deoarece MODULO nu poate garanta rezultatele \u00een cazul utiliz\u0103rii altor adezivi. Adezivii MODULO sunt special proiecta\u0163i pentru asigura [&hellip;]\" \/>\n<meta property=\"og:url\" content=\"https:\/\/ateliermodulo.fr\/ro\/produs\/adeziv-exterior-modulo-extra-flex\/\" \/>\n<meta property=\"og:site_name\" content=\"AtelierModulo\" \/>\n<meta property=\"article:publisher\" content=\"https:\/\/www.facebook.com\/modulostones\/\" \/>\n<meta property=\"article:modified_time\" content=\"2025-09-19T05:41:24+00:00\" \/>\n<meta property=\"og:image\" content=\"https:\/\/ateliermodulo.fr\/wp-content\/uploads\/modulo-colle-extra-flex-15kg-1200x1200-1.jpg\" \/>\n\t<meta property=\"og:image:width\" content=\"1200\" \/>\n\t<meta property=\"og:image:height\" content=\"1200\" \/>\n\t<meta property=\"og:image:type\" content=\"image\/jpeg\" \/>\n<meta name=\"twitter:card\" content=\"summary_large_image\" \/>\n<meta name=\"twitter:label1\" content=\"Timp estimat pentru citire\" \/>\n\t<meta name=\"twitter:data1\" content=\"1 minut\" \/>","yoast_head_json":{"title":"Adeziv exterior MODULO Extra Flex | AtelierModulo","robots":{"index":"index","follow":"follow","max-snippet":"max-snippet:-1","max-image-preview":"max-image-preview:large","max-video-preview":"max-video-preview:-1"},"canonical":"https:\/\/ateliermodulo.fr\/ro\/produs\/adeziv-exterior-modulo-extra-flex\/","og_locale":"ro_RO","og_type":"article","og_title":"Adeziv exterior MODULO Extra Flex | AtelierModulo","og_description":"Adezivii MODULO sunt special concepu\u0163i \u0219i formula\u0163i pentru linia de piatr\u0103 decorativ\u0103 MODULO. Aceast\u0103 gam\u0103 de adezivi a fost testat\u0103 de-a lungul timpului \u0219i are standarde de calitate certificate. Prin urmare este recomandat s\u0103 folosi\u021bi adezivii MODULO, deoarece MODULO nu poate garanta rezultatele \u00een cazul utiliz\u0103rii altor adezivi. Adezivii MODULO sunt special proiecta\u0163i pentru asigura [&hellip;]","og_url":"https:\/\/ateliermodulo.fr\/ro\/produs\/adeziv-exterior-modulo-extra-flex\/","og_site_name":"AtelierModulo","article_publisher":"https:\/\/www.facebook.com\/modulostones\/","article_modified_time":"2025-09-19T05:41:24+00:00","og_image":[{"width":1200,"height":1200,"url":"https:\/\/ateliermodulo.fr\/wp-content\/uploads\/modulo-colle-extra-flex-15kg-1200x1200-1.jpg","type":"image\/jpeg"}],"twitter_card":"summary_large_image","twitter_misc":{"Timp estimat pentru citire":"1 minut"},"schema":{"@context":"https:\/\/schema.org","@graph":[{"@type":"WebPage","@id":"https:\/\/ateliermodulo.fr\/ro\/produs\/adeziv-exterior-modulo-extra-flex\/","url":"https:\/\/ateliermodulo.fr\/ro\/produs\/adeziv-exterior-modulo-extra-flex\/","name":"Adeziv exterior MODULO Extra Flex | AtelierModulo","isPartOf":{"@id":"https:\/\/ateliermodulo.fr\/ro\/#website"},"primaryImageOfPage":{"@id":"https:\/\/ateliermodulo.fr\/ro\/produs\/adeziv-exterior-modulo-extra-flex\/#primaryimage"},"image":{"@id":"https:\/\/ateliermodulo.fr\/ro\/produs\/adeziv-exterior-modulo-extra-flex\/#primaryimage"},"thumbnailUrl":"https:\/\/ateliermodulo.fr\/wp-content\/uploads\/modulo-colle-extra-flex-15kg-1200x1200-1.jpg","datePublished":"2020-01-17T15:06:56+00:00","dateModified":"2025-09-19T05:41:24+00:00","breadcrumb":{"@id":"https:\/\/ateliermodulo.fr\/ro\/produs\/adeziv-exterior-modulo-extra-flex\/#breadcrumb"},"inLanguage":"ro-RO","potentialAction":[{"@type":"ReadAction","target":["https:\/\/ateliermodulo.fr\/ro\/produs\/adeziv-exterior-modulo-extra-flex\/"]}]},{"@type":"ImageObject","inLanguage":"ro-RO","@id":"https:\/\/ateliermodulo.fr\/ro\/produs\/adeziv-exterior-modulo-extra-flex\/#primaryimage","url":"https:\/\/ateliermodulo.fr\/wp-content\/uploads\/modulo-colle-extra-flex-15kg-1200x1200-1.jpg","contentUrl":"https:\/\/ateliermodulo.fr\/wp-content\/uploads\/modulo-colle-extra-flex-15kg-1200x1200-1.jpg","width":1200,"height":1200,"caption":"Modulo Colle Extra Flex"},{"@type":"BreadcrumbList","@id":"https:\/\/ateliermodulo.fr\/ro\/produs\/adeziv-exterior-modulo-extra-flex\/#breadcrumb","itemListElement":[{"@type":"ListItem","position":1,"name":"Home","item":"https:\/\/ateliermodulo.fr\/ro\/"},{"@type":"ListItem","position":2,"name":"Produse","item":"https:\/\/ateliermodulo.fr\/products\/"},{"@type":"ListItem","position":3,"name":"Adeziv exterior MODULO Extra Flex"}]},{"@type":"WebSite","@id":"https:\/\/ateliermodulo.fr\/ro\/#website","url":"https:\/\/ateliermodulo.fr\/ro\/","name":"AtelierModulo","description":"Since the 1980\u2019s, frequently copied, never surpassed","publisher":{"@id":"https:\/\/ateliermodulo.fr\/ro\/#organization"},"potentialAction":[{"@type":"SearchAction","target":{"@type":"EntryPoint","urlTemplate":"https:\/\/ateliermodulo.fr\/ro\/?s={search_term_string}"},"query-input":{"@type":"PropertyValueSpecification","valueRequired":true,"valueName":"search_term_string"}}],"inLanguage":"ro-RO"},{"@type":"Organization","@id":"https:\/\/ateliermodulo.fr\/ro\/#organization","name":"Modulo Decorative Solutions","url":"https:\/\/ateliermodulo.fr\/ro\/","logo":{"@type":"ImageObject","inLanguage":"ro-RO","@id":"https:\/\/ateliermodulo.fr\/ro\/#\/schema\/logo\/image\/","url":"https:\/\/ateliermodulo.fr\/wp-content\/uploads\/MODULO-Logo-Color-1000x245-1.png","contentUrl":"https:\/\/ateliermodulo.fr\/wp-content\/uploads\/MODULO-Logo-Color-1000x245-1.png","width":1000,"height":245,"caption":"Modulo Decorative Solutions"},"image":{"@id":"https:\/\/ateliermodulo.fr\/ro\/#\/schema\/logo\/image\/"},"sameAs":["https:\/\/www.facebook.com\/modulostones\/"]}]}},"_links":{"self":[{"href":"https:\/\/ateliermodulo.fr\/ro\/wp-json\/wp\/v2\/product\/3320","targetHints":{"allow":["GET"]}}],"collection":[{"href":"https:\/\/ateliermodulo.fr\/ro\/wp-json\/wp\/v2\/product"}],"about":[{"href":"https:\/\/ateliermodulo.fr\/ro\/wp-json\/wp\/v2\/types\/product"}],"wp:featuredmedia":[{"embeddable":true,"href":"https:\/\/ateliermodulo.fr\/ro\/wp-json\/wp\/v2\/media\/17755"}],"wp:attachment":[{"href":"https:\/\/ateliermodulo.fr\/ro\/wp-json\/wp\/v2\/media?parent=3320"}],"wp:term":[{"taxonomy":"product_brand","embeddable":true,"href":"https:\/\/ateliermodulo.fr\/ro\/wp-json\/wp\/v2\/product_brand?post=3320"},{"taxonomy":"product_cat","embeddable":true,"href":"https:\/\/ateliermodulo.fr\/ro\/wp-json\/wp\/v2\/product_cat?post=3320"},{"taxonomy":"product_tag","embeddable":true,"href":"https:\/\/ateliermodulo.fr\/ro\/wp-json\/wp\/v2\/product_tag?post=3320"}],"curies":[{"name":"wp","href":"https:\/\/api.w.org\/{rel}","templated":true}]}}

<p>Adezivii MODULO sunt special concepuţi și formulaţi pentru linia de piatră decorativă MODULO. Această gamă de adezivi a fost testată de-a lungul timpului și are standarde de calitate certificate. Prin urmare este recomandat să folosiți adezivii MODULO, deoarece MODULO nu poate garanta rezultatele în cazul utilizării altor adezivi. Adezivii MODULO sunt special proiectaţi pentru asigura aderenţa plăcilor MODULO la un număr ridicat de suprafețe.</p>

<p>Adezivii MODULO sunt special concepuţi și formulaţi pentru linia de piatră decorativă MODULO. Această gamă de adezivi a fost testată de-a lungul timpului și are standarde de calitate certificate. Prin urmare este recomandat să folosiți adezivii MODULO, deoarece MODULO nu poate garanta rezultatele în cazul utilizării altor adezivi. Adezivii MODULO sunt special proiectaţi pentru asigura [&hellip;]</p>

<title>Adeziv exterior MODULO Extra Flex | AtelierModulo</title>
<meta name="robots" content="index, follow, max-snippet:-1, max-image-preview:large, max-video-preview:-1" />
<link rel="canonical" href="https://ateliermodulo.fr/ro/produs/adeziv-exterior-modulo-extra-flex/" />
<meta property="og:locale" content="ro_RO" />
<meta property="og:type" content="article" />
<meta property="og:title" content="Adeziv exterior MODULO Extra Flex | AtelierModulo" />
<meta property="og:description" content="Adezivii MODULO sunt special concepuţi și formulaţi pentru linia de piatră decorativă MODULO. Această gamă de adezivi a fost testată de-a lungul timpului și are standarde de calitate certificate. Prin urmare este recomandat să folosiți adezivii MODULO, deoarece MODULO nu poate garanta rezultatele în cazul utilizării altor adezivi. Adezivii MODULO sunt special proiectaţi pentru asigura [&hellip;]" />
<meta property="og:url" content="https://ateliermodulo.fr/ro/produs/adeziv-exterior-modulo-extra-flex/" />
<meta property="og:site_name" content="AtelierModulo" />
<meta property="article:publisher" content="https://www.facebook.com/modulostones/" />
<meta property="article:modified_time" content="2025-09-19T05:41:24+00:00" />
<meta property="og:image" content="https://ateliermodulo.fr/wp-content/uploads/modulo-colle-extra-flex-15kg-1200x1200-1.jpg" />
	<meta property="og:image:width" content="1200" />
	<meta property="og:image:height" content="1200" />
	<meta property="og:image:type" content="image/jpeg" />
<meta name="twitter:card" content="summary_large_image" />
<meta name="twitter:label1" content="Timp estimat pentru citire" />
	<meta name="twitter:data1" content="1 minut" />

Adezivii MODULO sunt special concepuţi și formulaţi pentru linia de piatră decorativă MODULO. Această gamă de adezivi a fost testată de-a lungul timpului și are standarde de calitate certificate. Prin urmare este recomandat să folosiți adezivii MODULO, deoarece MODULO nu poate garanta rezultatele în cazul utilizării altor adezivi. Adezivii MODULO sunt special proiectaţi pentru asigura [&hellip;]
