{"id":19925,"date":"2024-04-17T12:44:20","date_gmt":"2024-04-17T10:44:20","guid":{"rendered":"https:\/\/ateliermodulo.fr\/product\/vektor\/"},"modified":"2024-08-05T14:42:31","modified_gmt":"2024-08-05T12:42:31","slug":"vektor","status":"publish","type":"product","link":"https:\/\/ateliermodulo.fr\/ro\/produs\/vektor\/","title":{"rendered":"VEKTOR"},"content":{"rendered":"<p>Vektor este \u00eentruchiparea me\u0219te\u0219ugului precis. Designul s\u0103u unghiular, inspirat de modelele complexe ale matematicii \u0219i geometriei, vorbe\u0219te despre un sim\u021b al ordinii \u0219i sofistic\u0103rii. Fiecare element se integreaz\u0103 f\u0103r\u0103 probleme \u00eentr-un \u00eentreg mai mare, permi\u021b\u00e2ndu-v\u0103 s\u0103 crea\u021bi designuri nu doar vizual impresionante, dar \u0219i bine structurate. Cu Vektor, spa\u021biul dumneavoastr\u0103 devine un p\u00e2nz\u0103 pentru precizie \u0219i frumuse\u021be.<\/p>\n","protected":false},"excerpt":{"rendered":"<p>Vektor este \u00eentruchiparea me\u0219te\u0219ugului precis. Designul s\u0103u unghiular, inspirat de modelele complexe ale matematicii \u0219i geometriei, vorbe\u0219te despre un sim\u021b al ordinii \u0219i sofistic\u0103rii. Fiecare element se integreaz\u0103 f\u0103r\u0103 probleme \u00eentr-un \u00eentreg mai mare, permi\u021b\u00e2ndu-v\u0103 s\u0103 crea\u021bi designuri nu doar vizual impresionante, dar \u0219i bine structurate. Cu Vektor, spa\u021biul dumneavoastr\u0103 devine un p\u00e2nz\u0103 pentru precizie [&hellip;]<\/p>\n","protected":false},"featured_media":19895,"template":"","meta":[],"product_brand":[],"product_cat":[156,1314,1298],"product_tag":[668],"class_list":{"0":"post-19925","1":"product","2":"type-product","3":"status-publish","4":"has-post-thumbnail","6":"product_cat-doar-interior","7":"product_cat-in-productie","8":"product_cat-piatra-decorativa","9":"product_tag-3d","10":"pa_color-alb","11":"pa_coverage-per-box-0p27-m2","12":"pa_installation-fara-chit-de-rost","13":"pa_m-classification-necombustibil","14":"pa_material-ipsos-compozit","15":"pa_reaction-to-fire-clasa-a1","16":"pa_shape-romb-alungit","18":"first","19":"instock","20":"shipping-taxable","21":"product-type-simple"},"yoast_head":"<title>VEKTOR | AtelierModulo<\/title>\n<meta name=\"robots\" content=\"index, follow, max-snippet:-1, max-image-preview:large, max-video-preview:-1\" \/>\n<link rel=\"canonical\" href=\"https:\/\/ateliermodulo.fr\/ro\/produs\/vektor\/\" \/>\n<meta property=\"og:locale\" content=\"ro_RO\" \/>\n<meta property=\"og:type\" content=\"article\" \/>\n<meta property=\"og:title\" content=\"VEKTOR | AtelierModulo\" \/>\n<meta property=\"og:description\" content=\"Vektor este \u00eentruchiparea me\u0219te\u0219ugului precis. Designul s\u0103u unghiular, inspirat de modelele complexe ale matematicii \u0219i geometriei, vorbe\u0219te despre un sim\u021b al ordinii \u0219i sofistic\u0103rii. Fiecare element se integreaz\u0103 f\u0103r\u0103 probleme \u00eentr-un \u00eentreg mai mare, permi\u021b\u00e2ndu-v\u0103 s\u0103 crea\u021bi designuri nu doar vizual impresionante, dar \u0219i bine structurate. Cu Vektor, spa\u021biul dumneavoastr\u0103 devine un p\u00e2nz\u0103 pentru precizie [&hellip;]\" \/>\n<meta property=\"og:url\" content=\"https:\/\/ateliermodulo.fr\/ro\/produs\/vektor\/\" \/>\n<meta property=\"og:site_name\" content=\"AtelierModulo\" \/>\n<meta property=\"article:publisher\" content=\"https:\/\/www.facebook.com\/modulostones\/\" \/>\n<meta property=\"article:modified_time\" content=\"2024-08-05T12:42:31+00:00\" \/>\n<meta property=\"og:image\" content=\"https:\/\/ateliermodulo.fr\/wp-content\/uploads\/Vektor-Ambiance-3-2000x2000-1.jpg\" \/>\n\t<meta property=\"og:image:width\" content=\"2000\" \/>\n\t<meta property=\"og:image:height\" content=\"2000\" \/>\n\t<meta property=\"og:image:type\" content=\"image\/jpeg\" \/>\n<meta name=\"twitter:card\" content=\"summary_large_image\" \/>\n<meta name=\"twitter:label1\" content=\"Timp estimat pentru citire\" \/>\n\t<meta name=\"twitter:data1\" content=\"1 minut\" \/>","yoast_head_json":{"title":"VEKTOR | AtelierModulo","robots":{"index":"index","follow":"follow","max-snippet":"max-snippet:-1","max-image-preview":"max-image-preview:large","max-video-preview":"max-video-preview:-1"},"canonical":"https:\/\/ateliermodulo.fr\/ro\/produs\/vektor\/","og_locale":"ro_RO","og_type":"article","og_title":"VEKTOR | AtelierModulo","og_description":"Vektor este \u00eentruchiparea me\u0219te\u0219ugului precis. Designul s\u0103u unghiular, inspirat de modelele complexe ale matematicii \u0219i geometriei, vorbe\u0219te despre un sim\u021b al ordinii \u0219i sofistic\u0103rii. Fiecare element se integreaz\u0103 f\u0103r\u0103 probleme \u00eentr-un \u00eentreg mai mare, permi\u021b\u00e2ndu-v\u0103 s\u0103 crea\u021bi designuri nu doar vizual impresionante, dar \u0219i bine structurate. Cu Vektor, spa\u021biul dumneavoastr\u0103 devine un p\u00e2nz\u0103 pentru precizie [&hellip;]","og_url":"https:\/\/ateliermodulo.fr\/ro\/produs\/vektor\/","og_site_name":"AtelierModulo","article_publisher":"https:\/\/www.facebook.com\/modulostones\/","article_modified_time":"2024-08-05T12:42:31+00:00","og_image":[{"width":2000,"height":2000,"url":"https:\/\/ateliermodulo.fr\/wp-content\/uploads\/Vektor-Ambiance-3-2000x2000-1.jpg","type":"image\/jpeg"}],"twitter_card":"summary_large_image","twitter_misc":{"Timp estimat pentru citire":"1 minut"},"schema":{"@context":"https:\/\/schema.org","@graph":[{"@type":"WebPage","@id":"https:\/\/ateliermodulo.fr\/ro\/produs\/vektor\/","url":"https:\/\/ateliermodulo.fr\/ro\/produs\/vektor\/","name":"VEKTOR | AtelierModulo","isPartOf":{"@id":"https:\/\/ateliermodulo.fr\/ro\/#website"},"primaryImageOfPage":{"@id":"https:\/\/ateliermodulo.fr\/ro\/produs\/vektor\/#primaryimage"},"image":{"@id":"https:\/\/ateliermodulo.fr\/ro\/produs\/vektor\/#primaryimage"},"thumbnailUrl":"https:\/\/ateliermodulo.fr\/wp-content\/uploads\/Vektor-Ambiance-3-2000x2000-1.jpg","datePublished":"2024-04-17T10:44:20+00:00","dateModified":"2024-08-05T12:42:31+00:00","breadcrumb":{"@id":"https:\/\/ateliermodulo.fr\/ro\/produs\/vektor\/#breadcrumb"},"inLanguage":"ro-RO","potentialAction":[{"@type":"ReadAction","target":["https:\/\/ateliermodulo.fr\/ro\/produs\/vektor\/"]}]},{"@type":"ImageObject","inLanguage":"ro-RO","@id":"https:\/\/ateliermodulo.fr\/ro\/produs\/vektor\/#primaryimage","url":"https:\/\/ateliermodulo.fr\/wp-content\/uploads\/Vektor-Ambiance-3-2000x2000-1.jpg","contentUrl":"https:\/\/ateliermodulo.fr\/wp-content\/uploads\/Vektor-Ambiance-3-2000x2000-1.jpg","width":2000,"height":2000},{"@type":"BreadcrumbList","@id":"https:\/\/ateliermodulo.fr\/ro\/produs\/vektor\/#breadcrumb","itemListElement":[{"@type":"ListItem","position":1,"name":"Home","item":"https:\/\/ateliermodulo.fr\/ro\/"},{"@type":"ListItem","position":2,"name":"Produse","item":"https:\/\/ateliermodulo.fr\/products\/"},{"@type":"ListItem","position":3,"name":"VEKTOR"}]},{"@type":"WebSite","@id":"https:\/\/ateliermodulo.fr\/ro\/#website","url":"https:\/\/ateliermodulo.fr\/ro\/","name":"AtelierModulo","description":"Since the 1980\u2019s, frequently copied, never surpassed","publisher":{"@id":"https:\/\/ateliermodulo.fr\/ro\/#organization"},"potentialAction":[{"@type":"SearchAction","target":{"@type":"EntryPoint","urlTemplate":"https:\/\/ateliermodulo.fr\/ro\/?s={search_term_string}"},"query-input":{"@type":"PropertyValueSpecification","valueRequired":true,"valueName":"search_term_string"}}],"inLanguage":"ro-RO"},{"@type":"Organization","@id":"https:\/\/ateliermodulo.fr\/ro\/#organization","name":"Modulo Decorative Solutions","url":"https:\/\/ateliermodulo.fr\/ro\/","logo":{"@type":"ImageObject","inLanguage":"ro-RO","@id":"https:\/\/ateliermodulo.fr\/ro\/#\/schema\/logo\/image\/","url":"https:\/\/ateliermodulo.fr\/wp-content\/uploads\/MODULO-Logo-Color-1000x245-1.png","contentUrl":"https:\/\/ateliermodulo.fr\/wp-content\/uploads\/MODULO-Logo-Color-1000x245-1.png","width":1000,"height":245,"caption":"Modulo Decorative Solutions"},"image":{"@id":"https:\/\/ateliermodulo.fr\/ro\/#\/schema\/logo\/image\/"},"sameAs":["https:\/\/www.facebook.com\/modulostones\/"]}]}},"_links":{"self":[{"href":"https:\/\/ateliermodulo.fr\/ro\/wp-json\/wp\/v2\/product\/19925","targetHints":{"allow":["GET"]}}],"collection":[{"href":"https:\/\/ateliermodulo.fr\/ro\/wp-json\/wp\/v2\/product"}],"about":[{"href":"https:\/\/ateliermodulo.fr\/ro\/wp-json\/wp\/v2\/types\/product"}],"wp:featuredmedia":[{"embeddable":true,"href":"https:\/\/ateliermodulo.fr\/ro\/wp-json\/wp\/v2\/media\/19895"}],"wp:attachment":[{"href":"https:\/\/ateliermodulo.fr\/ro\/wp-json\/wp\/v2\/media?parent=19925"}],"wp:term":[{"taxonomy":"product_brand","embeddable":true,"href":"https:\/\/ateliermodulo.fr\/ro\/wp-json\/wp\/v2\/product_brand?post=19925"},{"taxonomy":"product_cat","embeddable":true,"href":"https:\/\/ateliermodulo.fr\/ro\/wp-json\/wp\/v2\/product_cat?post=19925"},{"taxonomy":"product_tag","embeddable":true,"href":"https:\/\/ateliermodulo.fr\/ro\/wp-json\/wp\/v2\/product_tag?post=19925"}],"curies":[{"name":"wp","href":"https:\/\/api.w.org\/{rel}","templated":true}]}}

<p>Vektor este întruchiparea meșteșugului precis. Designul său unghiular, inspirat de modelele complexe ale matematicii și geometriei, vorbește despre un simț al ordinii și sofisticării. Fiecare element se integrează fără probleme într-un întreg mai mare, permițându-vă să creați designuri nu doar vizual impresionante, dar și bine structurate. Cu Vektor, spațiul dumneavoastră devine un pânză pentru precizie și frumusețe.</p>

<p>Vektor este întruchiparea meșteșugului precis. Designul său unghiular, inspirat de modelele complexe ale matematicii și geometriei, vorbește despre un simț al ordinii și sofisticării. Fiecare element se integrează fără probleme într-un întreg mai mare, permițându-vă să creați designuri nu doar vizual impresionante, dar și bine structurate. Cu Vektor, spațiul dumneavoastră devine un pânză pentru precizie [&hellip;]</p>

<title>VEKTOR | AtelierModulo</title>
<meta name="robots" content="index, follow, max-snippet:-1, max-image-preview:large, max-video-preview:-1" />
<link rel="canonical" href="https://ateliermodulo.fr/ro/produs/vektor/" />
<meta property="og:locale" content="ro_RO" />
<meta property="og:type" content="article" />
<meta property="og:title" content="VEKTOR | AtelierModulo" />
<meta property="og:description" content="Vektor este întruchiparea meșteșugului precis. Designul său unghiular, inspirat de modelele complexe ale matematicii și geometriei, vorbește despre un simț al ordinii și sofisticării. Fiecare element se integrează fără probleme într-un întreg mai mare, permițându-vă să creați designuri nu doar vizual impresionante, dar și bine structurate. Cu Vektor, spațiul dumneavoastră devine un pânză pentru precizie [&hellip;]" />
<meta property="og:url" content="https://ateliermodulo.fr/ro/produs/vektor/" />
<meta property="og:site_name" content="AtelierModulo" />
<meta property="article:publisher" content="https://www.facebook.com/modulostones/" />
<meta property="article:modified_time" content="2024-08-05T12:42:31+00:00" />
<meta property="og:image" content="https://ateliermodulo.fr/wp-content/uploads/Vektor-Ambiance-3-2000x2000-1.jpg" />
	<meta property="og:image:width" content="2000" />
	<meta property="og:image:height" content="2000" />
	<meta property="og:image:type" content="image/jpeg" />
<meta name="twitter:card" content="summary_large_image" />
<meta name="twitter:label1" content="Timp estimat pentru citire" />
	<meta name="twitter:data1" content="1 minut" />

Vektor este întruchiparea meșteșugului precis. Designul său unghiular, inspirat de modelele complexe ale matematicii și geometriei, vorbește despre un simț al ordinii și sofisticării. Fiecare element se integrează fără probleme într-un întreg mai mare, permițându-vă să creați designuri nu doar vizual impresionante, dar și bine structurate. Cu Vektor, spațiul dumneavoastră devine un pânză pentru precizie [&hellip;]
