{"id":19122,"date":"2023-11-24T14:16:51","date_gmt":"2023-11-24T13:16:51","guid":{"rendered":"https:\/\/ateliermodulo.fr\/product\/woodyteck-cottage-grey\/"},"modified":"2023-11-24T14:48:37","modified_gmt":"2023-11-24T13:48:37","slug":"woodyteck-cottage-grey","status":"publish","type":"product","link":"https:\/\/ateliermodulo.fr\/ro\/produs\/woodyteck-cottage-grey\/","title":{"rendered":"Woodyteck Cottage Grey"},"content":{"rendered":"<p>Woodyteck Cottage Grey \u00eembog\u0103\u021be\u0219te designul dumneavoastr\u0103 cu o nuan\u021b\u0103 lini\u0219tit\u0103 de gri deschis, evoc\u00e2nd farmecul caselor de la \u021bar\u0103, \u0219i \u00een acela\u0219i timp complet\u00e2nd estetica modern\u0103. Aspectul lor asem\u0103n\u0103tor lemnului adaug\u0103 o not\u0103 natural\u0103 oric\u0103rui spa\u021biu, cre\u00e2nd o atmosfer\u0103 primitoare.<\/p>\n","protected":false},"excerpt":{"rendered":"<p>Woodyteck Cottage Grey \u00eembog\u0103\u021be\u0219te designul dumneavoastr\u0103 cu o nuan\u021b\u0103 lini\u0219tit\u0103 de gri deschis, evoc\u00e2nd farmecul caselor de la \u021bar\u0103, \u0219i \u00een acela\u0219i timp complet\u00e2nd estetica modern\u0103. Aspectul lor asem\u0103n\u0103tor lemnului adaug\u0103 o not\u0103 natural\u0103 oric\u0103rui spa\u021biu, cre\u00e2nd o atmosfer\u0103 primitoare.<\/p>\n","protected":false},"featured_media":19113,"template":"","meta":[],"product_brand":[],"product_cat":[161,1314,1298],"product_tag":[174],"class_list":{"0":"post-19122","1":"product","2":"type-product","3":"status-publish","4":"has-post-thumbnail","6":"product_cat-exterior-interior","7":"product_cat-in-productie","8":"product_cat-piatra-decorativa","9":"product_tag-lemn","10":"pa_color-crem","11":"pa_color-gri","12":"pa_coverage-per-box-0p57-m2","13":"pa_installation-fara-chit-de-rost","14":"pa_m-classification-necombustibil","15":"pa_material-ciment","16":"pa_reaction-to-fire-clasa-a1","17":"pa_shape-forma-z","19":"first","20":"instock","21":"shipping-taxable","22":"product-type-simple"},"yoast_head":"<title>Woodyteck Cottage Grey | AtelierModulo<\/title>\n<meta name=\"robots\" content=\"index, follow, max-snippet:-1, max-image-preview:large, max-video-preview:-1\" \/>\n<link rel=\"canonical\" href=\"https:\/\/ateliermodulo.fr\/ro\/produs\/woodyteck-cottage-grey\/\" \/>\n<meta property=\"og:locale\" content=\"ro_RO\" \/>\n<meta property=\"og:type\" content=\"article\" \/>\n<meta property=\"og:title\" content=\"Woodyteck Cottage Grey | AtelierModulo\" \/>\n<meta property=\"og:description\" content=\"Woodyteck Cottage Grey \u00eembog\u0103\u021be\u0219te designul dumneavoastr\u0103 cu o nuan\u021b\u0103 lini\u0219tit\u0103 de gri deschis, evoc\u00e2nd farmecul caselor de la \u021bar\u0103, \u0219i \u00een acela\u0219i timp complet\u00e2nd estetica modern\u0103. Aspectul lor asem\u0103n\u0103tor lemnului adaug\u0103 o not\u0103 natural\u0103 oric\u0103rui spa\u021biu, cre\u00e2nd o atmosfer\u0103 primitoare.\" \/>\n<meta property=\"og:url\" content=\"https:\/\/ateliermodulo.fr\/ro\/produs\/woodyteck-cottage-grey\/\" \/>\n<meta property=\"og:site_name\" content=\"AtelierModulo\" \/>\n<meta property=\"article:publisher\" content=\"https:\/\/www.facebook.com\/modulostones\/\" \/>\n<meta property=\"article:modified_time\" content=\"2023-11-24T13:48:37+00:00\" \/>\n<meta property=\"og:image\" content=\"https:\/\/ateliermodulo.fr\/wp-content\/uploads\/Woodyteck-Cottage-Grey-Ambiance-1200x1200-1.jpg\" \/>\n\t<meta property=\"og:image:width\" content=\"1200\" \/>\n\t<meta property=\"og:image:height\" content=\"1200\" \/>\n\t<meta property=\"og:image:type\" content=\"image\/jpeg\" \/>\n<meta name=\"twitter:card\" content=\"summary_large_image\" \/>","yoast_head_json":{"title":"Woodyteck Cottage Grey | AtelierModulo","robots":{"index":"index","follow":"follow","max-snippet":"max-snippet:-1","max-image-preview":"max-image-preview:large","max-video-preview":"max-video-preview:-1"},"canonical":"https:\/\/ateliermodulo.fr\/ro\/produs\/woodyteck-cottage-grey\/","og_locale":"ro_RO","og_type":"article","og_title":"Woodyteck Cottage Grey | AtelierModulo","og_description":"Woodyteck Cottage Grey \u00eembog\u0103\u021be\u0219te designul dumneavoastr\u0103 cu o nuan\u021b\u0103 lini\u0219tit\u0103 de gri deschis, evoc\u00e2nd farmecul caselor de la \u021bar\u0103, \u0219i \u00een acela\u0219i timp complet\u00e2nd estetica modern\u0103. Aspectul lor asem\u0103n\u0103tor lemnului adaug\u0103 o not\u0103 natural\u0103 oric\u0103rui spa\u021biu, cre\u00e2nd o atmosfer\u0103 primitoare.","og_url":"https:\/\/ateliermodulo.fr\/ro\/produs\/woodyteck-cottage-grey\/","og_site_name":"AtelierModulo","article_publisher":"https:\/\/www.facebook.com\/modulostones\/","article_modified_time":"2023-11-24T13:48:37+00:00","og_image":[{"width":1200,"height":1200,"url":"https:\/\/ateliermodulo.fr\/wp-content\/uploads\/Woodyteck-Cottage-Grey-Ambiance-1200x1200-1.jpg","type":"image\/jpeg"}],"twitter_card":"summary_large_image","schema":{"@context":"https:\/\/schema.org","@graph":[{"@type":"WebPage","@id":"https:\/\/ateliermodulo.fr\/ro\/produs\/woodyteck-cottage-grey\/","url":"https:\/\/ateliermodulo.fr\/ro\/produs\/woodyteck-cottage-grey\/","name":"Woodyteck Cottage Grey | AtelierModulo","isPartOf":{"@id":"https:\/\/ateliermodulo.fr\/ro\/#website"},"primaryImageOfPage":{"@id":"https:\/\/ateliermodulo.fr\/ro\/produs\/woodyteck-cottage-grey\/#primaryimage"},"image":{"@id":"https:\/\/ateliermodulo.fr\/ro\/produs\/woodyteck-cottage-grey\/#primaryimage"},"thumbnailUrl":"https:\/\/ateliermodulo.fr\/wp-content\/uploads\/Woodyteck-Cottage-Grey-Ambiance-1200x1200-1.jpg","datePublished":"2023-11-24T13:16:51+00:00","dateModified":"2023-11-24T13:48:37+00:00","breadcrumb":{"@id":"https:\/\/ateliermodulo.fr\/ro\/produs\/woodyteck-cottage-grey\/#breadcrumb"},"inLanguage":"ro-RO","potentialAction":[{"@type":"ReadAction","target":["https:\/\/ateliermodulo.fr\/ro\/produs\/woodyteck-cottage-grey\/"]}]},{"@type":"ImageObject","inLanguage":"ro-RO","@id":"https:\/\/ateliermodulo.fr\/ro\/produs\/woodyteck-cottage-grey\/#primaryimage","url":"https:\/\/ateliermodulo.fr\/wp-content\/uploads\/Woodyteck-Cottage-Grey-Ambiance-1200x1200-1.jpg","contentUrl":"https:\/\/ateliermodulo.fr\/wp-content\/uploads\/Woodyteck-Cottage-Grey-Ambiance-1200x1200-1.jpg","width":1200,"height":1200,"caption":"Woodyteck Cottage Grey"},{"@type":"BreadcrumbList","@id":"https:\/\/ateliermodulo.fr\/ro\/produs\/woodyteck-cottage-grey\/#breadcrumb","itemListElement":[{"@type":"ListItem","position":1,"name":"Home","item":"https:\/\/ateliermodulo.fr\/ro\/"},{"@type":"ListItem","position":2,"name":"Produse","item":"https:\/\/ateliermodulo.fr\/products\/"},{"@type":"ListItem","position":3,"name":"Woodyteck Cottage Grey"}]},{"@type":"WebSite","@id":"https:\/\/ateliermodulo.fr\/ro\/#website","url":"https:\/\/ateliermodulo.fr\/ro\/","name":"AtelierModulo","description":"Since the 1980\u2019s, frequently copied, never surpassed","publisher":{"@id":"https:\/\/ateliermodulo.fr\/ro\/#organization"},"potentialAction":[{"@type":"SearchAction","target":{"@type":"EntryPoint","urlTemplate":"https:\/\/ateliermodulo.fr\/ro\/?s={search_term_string}"},"query-input":{"@type":"PropertyValueSpecification","valueRequired":true,"valueName":"search_term_string"}}],"inLanguage":"ro-RO"},{"@type":"Organization","@id":"https:\/\/ateliermodulo.fr\/ro\/#organization","name":"Modulo Decorative Solutions","url":"https:\/\/ateliermodulo.fr\/ro\/","logo":{"@type":"ImageObject","inLanguage":"ro-RO","@id":"https:\/\/ateliermodulo.fr\/ro\/#\/schema\/logo\/image\/","url":"https:\/\/ateliermodulo.fr\/wp-content\/uploads\/MODULO-Logo-Color-1000x245-1.png","contentUrl":"https:\/\/ateliermodulo.fr\/wp-content\/uploads\/MODULO-Logo-Color-1000x245-1.png","width":1000,"height":245,"caption":"Modulo Decorative Solutions"},"image":{"@id":"https:\/\/ateliermodulo.fr\/ro\/#\/schema\/logo\/image\/"},"sameAs":["https:\/\/www.facebook.com\/modulostones\/"]}]}},"_links":{"self":[{"href":"https:\/\/ateliermodulo.fr\/ro\/wp-json\/wp\/v2\/product\/19122","targetHints":{"allow":["GET"]}}],"collection":[{"href":"https:\/\/ateliermodulo.fr\/ro\/wp-json\/wp\/v2\/product"}],"about":[{"href":"https:\/\/ateliermodulo.fr\/ro\/wp-json\/wp\/v2\/types\/product"}],"wp:featuredmedia":[{"embeddable":true,"href":"https:\/\/ateliermodulo.fr\/ro\/wp-json\/wp\/v2\/media\/19113"}],"wp:attachment":[{"href":"https:\/\/ateliermodulo.fr\/ro\/wp-json\/wp\/v2\/media?parent=19122"}],"wp:term":[{"taxonomy":"product_brand","embeddable":true,"href":"https:\/\/ateliermodulo.fr\/ro\/wp-json\/wp\/v2\/product_brand?post=19122"},{"taxonomy":"product_cat","embeddable":true,"href":"https:\/\/ateliermodulo.fr\/ro\/wp-json\/wp\/v2\/product_cat?post=19122"},{"taxonomy":"product_tag","embeddable":true,"href":"https:\/\/ateliermodulo.fr\/ro\/wp-json\/wp\/v2\/product_tag?post=19122"}],"curies":[{"name":"wp","href":"https:\/\/api.w.org\/{rel}","templated":true}]}}

<p>Woodyteck Cottage Grey îmbogățește designul dumneavoastră cu o nuanță liniștită de gri deschis, evocând farmecul caselor de la țară, și în același timp completând estetica modernă. Aspectul lor asemănător lemnului adaugă o notă naturală oricărui spațiu, creând o atmosferă primitoare.</p>

<title>Woodyteck Cottage Grey | AtelierModulo</title>
<meta name="robots" content="index, follow, max-snippet:-1, max-image-preview:large, max-video-preview:-1" />
<link rel="canonical" href="https://ateliermodulo.fr/ro/produs/woodyteck-cottage-grey/" />
<meta property="og:locale" content="ro_RO" />
<meta property="og:type" content="article" />
<meta property="og:title" content="Woodyteck Cottage Grey | AtelierModulo" />
<meta property="og:description" content="Woodyteck Cottage Grey îmbogățește designul dumneavoastră cu o nuanță liniștită de gri deschis, evocând farmecul caselor de la țară, și în același timp completând estetica modernă. Aspectul lor asemănător lemnului adaugă o notă naturală oricărui spațiu, creând o atmosferă primitoare." />
<meta property="og:url" content="https://ateliermodulo.fr/ro/produs/woodyteck-cottage-grey/" />
<meta property="og:site_name" content="AtelierModulo" />
<meta property="article:publisher" content="https://www.facebook.com/modulostones/" />
<meta property="article:modified_time" content="2023-11-24T13:48:37+00:00" />
<meta property="og:image" content="https://ateliermodulo.fr/wp-content/uploads/Woodyteck-Cottage-Grey-Ambiance-1200x1200-1.jpg" />
	<meta property="og:image:width" content="1200" />
	<meta property="og:image:height" content="1200" />
	<meta property="og:image:type" content="image/jpeg" />
<meta name="twitter:card" content="summary_large_image" />

Woodyteck Cottage Grey îmbogățește designul dumneavoastră cu o nuanță liniștită de gri deschis, evocând farmecul caselor de la țară, și în același timp completând estetica modernă. Aspectul lor asemănător lemnului adaugă o notă naturală oricărui spațiu, creând o atmosferă primitoare.
