{"id":18951,"date":"2023-11-20T16:49:31","date_gmt":"2023-11-20T15:49:31","guid":{"rendered":"https:\/\/ateliermodulo.fr\/product\/vella-olive\/"},"modified":"2024-07-08T09:51:09","modified_gmt":"2024-07-08T07:51:09","slug":"vella-olive","status":"publish","type":"product","link":"https:\/\/ateliermodulo.fr\/ro\/produs\/vella-olive\/","title":{"rendered":"Vella Olive"},"content":{"rendered":"<p>Aceast\u0103 c\u0103r\u0103mid\u0103, \u00eenv\u0103luit\u0103 \u00eentr-un fermec\u0103tor verde m\u0103sliniu deschis, cu accente bl\u00e2nde de alb, promite s\u0103 infuzeze spa\u021biul t\u0103u cu o elegan\u021b\u0103 captivant\u0103. Paleta de culori contemporane a c\u0103r\u0103mizii Vella Olive creeaz\u0103 un impact puternic, elev\u00e2nd orice proiect.<\/p>\n","protected":false},"excerpt":{"rendered":"<p>Aceast\u0103 c\u0103r\u0103mid\u0103, \u00eenv\u0103luit\u0103 \u00eentr-un fermec\u0103tor verde m\u0103sliniu deschis, cu accente bl\u00e2nde de alb, promite s\u0103 infuzeze spa\u021biul t\u0103u cu o elegan\u021b\u0103 captivant\u0103. Paleta de culori contemporane a c\u0103r\u0103mizii Vella Olive creeaz\u0103 un impact puternic, elev\u00e2nd orice proiect.<\/p>\n","protected":false},"featured_media":20112,"template":"","meta":[],"product_brand":[],"product_cat":[1297,161,1314],"product_tag":[178],"class_list":{"0":"post-18951","1":"product","2":"type-product","3":"status-publish","4":"has-post-thumbnail","6":"product_cat-caramida-aparenta","7":"product_cat-exterior-interior","8":"product_cat-in-productie","9":"product_tag-caramida","10":"pa_color-masliniu","11":"pa_coverage-per-box-1-m2","12":"pa_installation-cu-chit-de-rost","13":"pa_m-classification-necombustibil","14":"pa_material-ciment","15":"pa_reaction-to-fire-clasa-a1","16":"pa_shape-dreptunghi-rotunjit","18":"first","19":"instock","20":"shipping-taxable","21":"product-type-simple"},"yoast_head":"<title>Vella Olive | AtelierModulo<\/title>\n<meta name=\"robots\" content=\"index, follow, max-snippet:-1, max-image-preview:large, max-video-preview:-1\" \/>\n<link rel=\"canonical\" href=\"https:\/\/ateliermodulo.fr\/ro\/produs\/vella-olive\/\" \/>\n<meta property=\"og:locale\" content=\"ro_RO\" \/>\n<meta property=\"og:type\" content=\"article\" \/>\n<meta property=\"og:title\" content=\"Vella Olive | AtelierModulo\" \/>\n<meta property=\"og:description\" content=\"Aceast\u0103 c\u0103r\u0103mid\u0103, \u00eenv\u0103luit\u0103 \u00eentr-un fermec\u0103tor verde m\u0103sliniu deschis, cu accente bl\u00e2nde de alb, promite s\u0103 infuzeze spa\u021biul t\u0103u cu o elegan\u021b\u0103 captivant\u0103. Paleta de culori contemporane a c\u0103r\u0103mizii Vella Olive creeaz\u0103 un impact puternic, elev\u00e2nd orice proiect.\" \/>\n<meta property=\"og:url\" content=\"https:\/\/ateliermodulo.fr\/ro\/produs\/vella-olive\/\" \/>\n<meta property=\"og:site_name\" content=\"AtelierModulo\" \/>\n<meta property=\"article:publisher\" content=\"https:\/\/www.facebook.com\/modulostones\/\" \/>\n<meta property=\"article:modified_time\" content=\"2024-07-08T07:51:09+00:00\" \/>\n<meta property=\"og:image\" content=\"https:\/\/ateliermodulo.fr\/wp-content\/uploads\/6_VellaOlive_1_4k_post.jpg\" \/>\n\t<meta property=\"og:image:width\" content=\"1200\" \/>\n\t<meta property=\"og:image:height\" content=\"1200\" \/>\n\t<meta property=\"og:image:type\" content=\"image\/jpeg\" \/>\n<meta name=\"twitter:card\" content=\"summary_large_image\" \/>","yoast_head_json":{"title":"Vella Olive | AtelierModulo","robots":{"index":"index","follow":"follow","max-snippet":"max-snippet:-1","max-image-preview":"max-image-preview:large","max-video-preview":"max-video-preview:-1"},"canonical":"https:\/\/ateliermodulo.fr\/ro\/produs\/vella-olive\/","og_locale":"ro_RO","og_type":"article","og_title":"Vella Olive | AtelierModulo","og_description":"Aceast\u0103 c\u0103r\u0103mid\u0103, \u00eenv\u0103luit\u0103 \u00eentr-un fermec\u0103tor verde m\u0103sliniu deschis, cu accente bl\u00e2nde de alb, promite s\u0103 infuzeze spa\u021biul t\u0103u cu o elegan\u021b\u0103 captivant\u0103. Paleta de culori contemporane a c\u0103r\u0103mizii Vella Olive creeaz\u0103 un impact puternic, elev\u00e2nd orice proiect.","og_url":"https:\/\/ateliermodulo.fr\/ro\/produs\/vella-olive\/","og_site_name":"AtelierModulo","article_publisher":"https:\/\/www.facebook.com\/modulostones\/","article_modified_time":"2024-07-08T07:51:09+00:00","og_image":[{"width":1200,"height":1200,"url":"https:\/\/ateliermodulo.fr\/wp-content\/uploads\/6_VellaOlive_1_4k_post.jpg","type":"image\/jpeg"}],"twitter_card":"summary_large_image","schema":{"@context":"https:\/\/schema.org","@graph":[{"@type":"WebPage","@id":"https:\/\/ateliermodulo.fr\/ro\/produs\/vella-olive\/","url":"https:\/\/ateliermodulo.fr\/ro\/produs\/vella-olive\/","name":"Vella Olive | AtelierModulo","isPartOf":{"@id":"https:\/\/ateliermodulo.fr\/ro\/#website"},"primaryImageOfPage":{"@id":"https:\/\/ateliermodulo.fr\/ro\/produs\/vella-olive\/#primaryimage"},"image":{"@id":"https:\/\/ateliermodulo.fr\/ro\/produs\/vella-olive\/#primaryimage"},"thumbnailUrl":"https:\/\/ateliermodulo.fr\/wp-content\/uploads\/6_VellaOlive_1_4k_post.jpg","datePublished":"2023-11-20T15:49:31+00:00","dateModified":"2024-07-08T07:51:09+00:00","breadcrumb":{"@id":"https:\/\/ateliermodulo.fr\/ro\/produs\/vella-olive\/#breadcrumb"},"inLanguage":"ro-RO","potentialAction":[{"@type":"ReadAction","target":["https:\/\/ateliermodulo.fr\/ro\/produs\/vella-olive\/"]}]},{"@type":"ImageObject","inLanguage":"ro-RO","@id":"https:\/\/ateliermodulo.fr\/ro\/produs\/vella-olive\/#primaryimage","url":"https:\/\/ateliermodulo.fr\/wp-content\/uploads\/6_VellaOlive_1_4k_post.jpg","contentUrl":"https:\/\/ateliermodulo.fr\/wp-content\/uploads\/6_VellaOlive_1_4k_post.jpg","width":1200,"height":1200},{"@type":"BreadcrumbList","@id":"https:\/\/ateliermodulo.fr\/ro\/produs\/vella-olive\/#breadcrumb","itemListElement":[{"@type":"ListItem","position":1,"name":"Home","item":"https:\/\/ateliermodulo.fr\/ro\/"},{"@type":"ListItem","position":2,"name":"Produse","item":"https:\/\/ateliermodulo.fr\/products\/"},{"@type":"ListItem","position":3,"name":"Vella Olive"}]},{"@type":"WebSite","@id":"https:\/\/ateliermodulo.fr\/ro\/#website","url":"https:\/\/ateliermodulo.fr\/ro\/","name":"AtelierModulo","description":"Since the 1980\u2019s, frequently copied, never surpassed","publisher":{"@id":"https:\/\/ateliermodulo.fr\/ro\/#organization"},"potentialAction":[{"@type":"SearchAction","target":{"@type":"EntryPoint","urlTemplate":"https:\/\/ateliermodulo.fr\/ro\/?s={search_term_string}"},"query-input":{"@type":"PropertyValueSpecification","valueRequired":true,"valueName":"search_term_string"}}],"inLanguage":"ro-RO"},{"@type":"Organization","@id":"https:\/\/ateliermodulo.fr\/ro\/#organization","name":"Modulo Decorative Solutions","url":"https:\/\/ateliermodulo.fr\/ro\/","logo":{"@type":"ImageObject","inLanguage":"ro-RO","@id":"https:\/\/ateliermodulo.fr\/ro\/#\/schema\/logo\/image\/","url":"https:\/\/ateliermodulo.fr\/wp-content\/uploads\/MODULO-Logo-Color-1000x245-1.png","contentUrl":"https:\/\/ateliermodulo.fr\/wp-content\/uploads\/MODULO-Logo-Color-1000x245-1.png","width":1000,"height":245,"caption":"Modulo Decorative Solutions"},"image":{"@id":"https:\/\/ateliermodulo.fr\/ro\/#\/schema\/logo\/image\/"},"sameAs":["https:\/\/www.facebook.com\/modulostones\/"]}]}},"_links":{"self":[{"href":"https:\/\/ateliermodulo.fr\/ro\/wp-json\/wp\/v2\/product\/18951","targetHints":{"allow":["GET"]}}],"collection":[{"href":"https:\/\/ateliermodulo.fr\/ro\/wp-json\/wp\/v2\/product"}],"about":[{"href":"https:\/\/ateliermodulo.fr\/ro\/wp-json\/wp\/v2\/types\/product"}],"wp:featuredmedia":[{"embeddable":true,"href":"https:\/\/ateliermodulo.fr\/ro\/wp-json\/wp\/v2\/media\/20112"}],"wp:attachment":[{"href":"https:\/\/ateliermodulo.fr\/ro\/wp-json\/wp\/v2\/media?parent=18951"}],"wp:term":[{"taxonomy":"product_brand","embeddable":true,"href":"https:\/\/ateliermodulo.fr\/ro\/wp-json\/wp\/v2\/product_brand?post=18951"},{"taxonomy":"product_cat","embeddable":true,"href":"https:\/\/ateliermodulo.fr\/ro\/wp-json\/wp\/v2\/product_cat?post=18951"},{"taxonomy":"product_tag","embeddable":true,"href":"https:\/\/ateliermodulo.fr\/ro\/wp-json\/wp\/v2\/product_tag?post=18951"}],"curies":[{"name":"wp","href":"https:\/\/api.w.org\/{rel}","templated":true}]}}

<p>Această cărămidă, învăluită într-un fermecător verde măsliniu deschis, cu accente blânde de alb, promite să infuzeze spațiul tău cu o eleganță captivantă. Paleta de culori contemporane a cărămizii Vella Olive creează un impact puternic, elevând orice proiect.</p>

<title>Vella Olive | AtelierModulo</title>
<meta name="robots" content="index, follow, max-snippet:-1, max-image-preview:large, max-video-preview:-1" />
<link rel="canonical" href="https://ateliermodulo.fr/ro/produs/vella-olive/" />
<meta property="og:locale" content="ro_RO" />
<meta property="og:type" content="article" />
<meta property="og:title" content="Vella Olive | AtelierModulo" />
<meta property="og:description" content="Această cărămidă, învăluită într-un fermecător verde măsliniu deschis, cu accente blânde de alb, promite să infuzeze spațiul tău cu o eleganță captivantă. Paleta de culori contemporane a cărămizii Vella Olive creează un impact puternic, elevând orice proiect." />
<meta property="og:url" content="https://ateliermodulo.fr/ro/produs/vella-olive/" />
<meta property="og:site_name" content="AtelierModulo" />
<meta property="article:publisher" content="https://www.facebook.com/modulostones/" />
<meta property="article:modified_time" content="2024-07-08T07:51:09+00:00" />
<meta property="og:image" content="https://ateliermodulo.fr/wp-content/uploads/6_VellaOlive_1_4k_post.jpg" />
	<meta property="og:image:width" content="1200" />
	<meta property="og:image:height" content="1200" />
	<meta property="og:image:type" content="image/jpeg" />
<meta name="twitter:card" content="summary_large_image" />

Această cărămidă, învăluită într-un fermecător verde măsliniu deschis, cu accente blânde de alb, promite să infuzeze spațiul tău cu o eleganță captivantă. Paleta de culori contemporane a cărămizii Vella Olive creează un impact puternic, elevând orice proiect.
