{"id":18911,"date":"2023-11-20T15:06:56","date_gmt":"2023-11-20T14:06:56","guid":{"rendered":"https:\/\/ateliermodulo.fr\/product\/terra-red\/"},"modified":"2023-11-22T11:24:32","modified_gmt":"2023-11-22T10:24:32","slug":"terra-red","status":"publish","type":"product","link":"https:\/\/ateliermodulo.fr\/ro\/produs\/terra-red\/","title":{"rendered":"Terra Red"},"content":{"rendered":"<p>Aceast\u0103 c\u0103r\u0103mid\u0103, care aminte\u0219te de teracota atemporal\u0103, este \u00eempodobit\u0103 cu gra\u021bios cu subtile accente de negru, ad\u0103ug\u00e2nd o not\u0103 de modernitate. Terra Red creeaz\u0103 o simfonie de elegan\u021b\u0103 clasic\u0103 cu un twist modern, l\u0103s\u00e2nd o amprent\u0103 inconfundabil\u0103 asupra viziunii voastre arhitecturale.<\/p>\n","protected":false},"excerpt":{"rendered":"<p>Aceast\u0103 c\u0103r\u0103mid\u0103, care aminte\u0219te de teracota atemporal\u0103, este \u00eempodobit\u0103 cu gra\u021bios cu subtile accente de negru, ad\u0103ug\u00e2nd o not\u0103 de modernitate. Terra Red creeaz\u0103 o simfonie de elegan\u021b\u0103 clasic\u0103 cu un twist modern, l\u0103s\u00e2nd o amprent\u0103 inconfundabil\u0103 asupra viziunii voastre arhitecturale.<\/p>\n","protected":false},"featured_media":18907,"template":"","meta":[],"product_brand":[],"product_cat":[1297,161,1314],"product_tag":[178],"class_list":{"0":"post-18911","1":"product","2":"type-product","3":"status-publish","4":"has-post-thumbnail","6":"product_cat-caramida-aparenta","7":"product_cat-exterior-interior","8":"product_cat-in-productie","9":"product_tag-caramida","10":"pa_color-rosu","11":"pa_coverage-per-box-0p95-m2","12":"pa_installation-cu-chit-de-rost","13":"pa_m-classification-necombustibil","14":"pa_material-ciment","15":"pa_reaction-to-fire-clasa-a1","16":"pa_shape-dreptunghiular","18":"first","19":"instock","20":"shipping-taxable","21":"product-type-simple"},"yoast_head":"<title>Terra Red | AtelierModulo<\/title>\n<meta name=\"robots\" content=\"index, follow, max-snippet:-1, max-image-preview:large, max-video-preview:-1\" \/>\n<link rel=\"canonical\" href=\"https:\/\/ateliermodulo.fr\/ro\/produs\/terra-red\/\" \/>\n<meta property=\"og:locale\" content=\"ro_RO\" \/>\n<meta property=\"og:type\" content=\"article\" \/>\n<meta property=\"og:title\" content=\"Terra Red | AtelierModulo\" \/>\n<meta property=\"og:description\" content=\"Aceast\u0103 c\u0103r\u0103mid\u0103, care aminte\u0219te de teracota atemporal\u0103, este \u00eempodobit\u0103 cu gra\u021bios cu subtile accente de negru, ad\u0103ug\u00e2nd o not\u0103 de modernitate. Terra Red creeaz\u0103 o simfonie de elegan\u021b\u0103 clasic\u0103 cu un twist modern, l\u0103s\u00e2nd o amprent\u0103 inconfundabil\u0103 asupra viziunii voastre arhitecturale.\" \/>\n<meta property=\"og:url\" content=\"https:\/\/ateliermodulo.fr\/ro\/produs\/terra-red\/\" \/>\n<meta property=\"og:site_name\" content=\"AtelierModulo\" \/>\n<meta property=\"article:publisher\" content=\"https:\/\/www.facebook.com\/modulostones\/\" \/>\n<meta property=\"article:modified_time\" content=\"2023-11-22T10:24:32+00:00\" \/>\n<meta property=\"og:image\" content=\"https:\/\/ateliermodulo.fr\/wp-content\/uploads\/Terra-Red-Ambiance-1200x1200-1.jpg\" \/>\n\t<meta property=\"og:image:width\" content=\"1200\" \/>\n\t<meta property=\"og:image:height\" content=\"1200\" \/>\n\t<meta property=\"og:image:type\" content=\"image\/jpeg\" \/>\n<meta name=\"twitter:card\" content=\"summary_large_image\" \/>","yoast_head_json":{"title":"Terra Red | AtelierModulo","robots":{"index":"index","follow":"follow","max-snippet":"max-snippet:-1","max-image-preview":"max-image-preview:large","max-video-preview":"max-video-preview:-1"},"canonical":"https:\/\/ateliermodulo.fr\/ro\/produs\/terra-red\/","og_locale":"ro_RO","og_type":"article","og_title":"Terra Red | AtelierModulo","og_description":"Aceast\u0103 c\u0103r\u0103mid\u0103, care aminte\u0219te de teracota atemporal\u0103, este \u00eempodobit\u0103 cu gra\u021bios cu subtile accente de negru, ad\u0103ug\u00e2nd o not\u0103 de modernitate. Terra Red creeaz\u0103 o simfonie de elegan\u021b\u0103 clasic\u0103 cu un twist modern, l\u0103s\u00e2nd o amprent\u0103 inconfundabil\u0103 asupra viziunii voastre arhitecturale.","og_url":"https:\/\/ateliermodulo.fr\/ro\/produs\/terra-red\/","og_site_name":"AtelierModulo","article_publisher":"https:\/\/www.facebook.com\/modulostones\/","article_modified_time":"2023-11-22T10:24:32+00:00","og_image":[{"width":1200,"height":1200,"url":"https:\/\/ateliermodulo.fr\/wp-content\/uploads\/Terra-Red-Ambiance-1200x1200-1.jpg","type":"image\/jpeg"}],"twitter_card":"summary_large_image","schema":{"@context":"https:\/\/schema.org","@graph":[{"@type":"WebPage","@id":"https:\/\/ateliermodulo.fr\/ro\/produs\/terra-red\/","url":"https:\/\/ateliermodulo.fr\/ro\/produs\/terra-red\/","name":"Terra Red | AtelierModulo","isPartOf":{"@id":"https:\/\/ateliermodulo.fr\/ro\/#website"},"primaryImageOfPage":{"@id":"https:\/\/ateliermodulo.fr\/ro\/produs\/terra-red\/#primaryimage"},"image":{"@id":"https:\/\/ateliermodulo.fr\/ro\/produs\/terra-red\/#primaryimage"},"thumbnailUrl":"https:\/\/ateliermodulo.fr\/wp-content\/uploads\/Terra-Red-Ambiance-1200x1200-1.jpg","datePublished":"2023-11-20T14:06:56+00:00","dateModified":"2023-11-22T10:24:32+00:00","breadcrumb":{"@id":"https:\/\/ateliermodulo.fr\/ro\/produs\/terra-red\/#breadcrumb"},"inLanguage":"ro-RO","potentialAction":[{"@type":"ReadAction","target":["https:\/\/ateliermodulo.fr\/ro\/produs\/terra-red\/"]}]},{"@type":"ImageObject","inLanguage":"ro-RO","@id":"https:\/\/ateliermodulo.fr\/ro\/produs\/terra-red\/#primaryimage","url":"https:\/\/ateliermodulo.fr\/wp-content\/uploads\/Terra-Red-Ambiance-1200x1200-1.jpg","contentUrl":"https:\/\/ateliermodulo.fr\/wp-content\/uploads\/Terra-Red-Ambiance-1200x1200-1.jpg","width":1200,"height":1200,"caption":"Terra Red"},{"@type":"BreadcrumbList","@id":"https:\/\/ateliermodulo.fr\/ro\/produs\/terra-red\/#breadcrumb","itemListElement":[{"@type":"ListItem","position":1,"name":"Home","item":"https:\/\/ateliermodulo.fr\/ro\/"},{"@type":"ListItem","position":2,"name":"Produse","item":"https:\/\/ateliermodulo.fr\/products\/"},{"@type":"ListItem","position":3,"name":"Terra Red"}]},{"@type":"WebSite","@id":"https:\/\/ateliermodulo.fr\/ro\/#website","url":"https:\/\/ateliermodulo.fr\/ro\/","name":"AtelierModulo","description":"Since the 1980\u2019s, frequently copied, never surpassed","publisher":{"@id":"https:\/\/ateliermodulo.fr\/ro\/#organization"},"potentialAction":[{"@type":"SearchAction","target":{"@type":"EntryPoint","urlTemplate":"https:\/\/ateliermodulo.fr\/ro\/?s={search_term_string}"},"query-input":{"@type":"PropertyValueSpecification","valueRequired":true,"valueName":"search_term_string"}}],"inLanguage":"ro-RO"},{"@type":"Organization","@id":"https:\/\/ateliermodulo.fr\/ro\/#organization","name":"Modulo Decorative Solutions","url":"https:\/\/ateliermodulo.fr\/ro\/","logo":{"@type":"ImageObject","inLanguage":"ro-RO","@id":"https:\/\/ateliermodulo.fr\/ro\/#\/schema\/logo\/image\/","url":"https:\/\/ateliermodulo.fr\/wp-content\/uploads\/MODULO-Logo-Color-1000x245-1.png","contentUrl":"https:\/\/ateliermodulo.fr\/wp-content\/uploads\/MODULO-Logo-Color-1000x245-1.png","width":1000,"height":245,"caption":"Modulo Decorative Solutions"},"image":{"@id":"https:\/\/ateliermodulo.fr\/ro\/#\/schema\/logo\/image\/"},"sameAs":["https:\/\/www.facebook.com\/modulostones\/"]}]}},"_links":{"self":[{"href":"https:\/\/ateliermodulo.fr\/ro\/wp-json\/wp\/v2\/product\/18911","targetHints":{"allow":["GET"]}}],"collection":[{"href":"https:\/\/ateliermodulo.fr\/ro\/wp-json\/wp\/v2\/product"}],"about":[{"href":"https:\/\/ateliermodulo.fr\/ro\/wp-json\/wp\/v2\/types\/product"}],"wp:featuredmedia":[{"embeddable":true,"href":"https:\/\/ateliermodulo.fr\/ro\/wp-json\/wp\/v2\/media\/18907"}],"wp:attachment":[{"href":"https:\/\/ateliermodulo.fr\/ro\/wp-json\/wp\/v2\/media?parent=18911"}],"wp:term":[{"taxonomy":"product_brand","embeddable":true,"href":"https:\/\/ateliermodulo.fr\/ro\/wp-json\/wp\/v2\/product_brand?post=18911"},{"taxonomy":"product_cat","embeddable":true,"href":"https:\/\/ateliermodulo.fr\/ro\/wp-json\/wp\/v2\/product_cat?post=18911"},{"taxonomy":"product_tag","embeddable":true,"href":"https:\/\/ateliermodulo.fr\/ro\/wp-json\/wp\/v2\/product_tag?post=18911"}],"curies":[{"name":"wp","href":"https:\/\/api.w.org\/{rel}","templated":true}]}}

<p>Această cărămidă, care amintește de teracota atemporală, este împodobită cu grațios cu subtile accente de negru, adăugând o notă de modernitate. Terra Red creează o simfonie de eleganță clasică cu un twist modern, lăsând o amprentă inconfundabilă asupra viziunii voastre arhitecturale.</p>

<title>Terra Red | AtelierModulo</title>
<meta name="robots" content="index, follow, max-snippet:-1, max-image-preview:large, max-video-preview:-1" />
<link rel="canonical" href="https://ateliermodulo.fr/ro/produs/terra-red/" />
<meta property="og:locale" content="ro_RO" />
<meta property="og:type" content="article" />
<meta property="og:title" content="Terra Red | AtelierModulo" />
<meta property="og:description" content="Această cărămidă, care amintește de teracota atemporală, este împodobită cu grațios cu subtile accente de negru, adăugând o notă de modernitate. Terra Red creează o simfonie de eleganță clasică cu un twist modern, lăsând o amprentă inconfundabilă asupra viziunii voastre arhitecturale." />
<meta property="og:url" content="https://ateliermodulo.fr/ro/produs/terra-red/" />
<meta property="og:site_name" content="AtelierModulo" />
<meta property="article:publisher" content="https://www.facebook.com/modulostones/" />
<meta property="article:modified_time" content="2023-11-22T10:24:32+00:00" />
<meta property="og:image" content="https://ateliermodulo.fr/wp-content/uploads/Terra-Red-Ambiance-1200x1200-1.jpg" />
	<meta property="og:image:width" content="1200" />
	<meta property="og:image:height" content="1200" />
	<meta property="og:image:type" content="image/jpeg" />
<meta name="twitter:card" content="summary_large_image" />

Această cărămidă, care amintește de teracota atemporală, este împodobită cu grațios cu subtile accente de negru, adăugând o notă de modernitate. Terra Red creează o simfonie de eleganță clasică cu un twist modern, lăsând o amprentă inconfundabilă asupra viziunii voastre arhitecturale.
