{"id":18640,"date":"2023-11-17T10:11:48","date_gmt":"2023-11-17T09:11:48","guid":{"rendered":"https:\/\/ateliermodulo.fr\/product\/kodiak-shadow\/"},"modified":"2024-07-08T09:59:16","modified_gmt":"2024-07-08T07:59:16","slug":"kodiak-shadow","status":"publish","type":"product","link":"https:\/\/ateliermodulo.fr\/ro\/produs\/kodiak-shadow\/","title":{"rendered":"Kodiak Shadow"},"content":{"rendered":"<p>\u00cembr\u0103cat \u00een nuan\u021be fermec\u0103toare de bej p\u0103m\u00e2ntiu, Kodiak Shadow este un omagiu adus paletei naturii. Versatil \u0219i durabil, se integreaz\u0103 f\u0103r\u0103 efort at\u00e2t \u00een designul modern, c\u00e2t \u0219i \u00een cel vintage, cre\u00e2nd o prezen\u021b\u0103 subtil\u0103 \u0219i \u00eenr\u0103d\u0103cinat\u0103, unde umbra devine punctul central.<\/p>\n","protected":false},"excerpt":{"rendered":"<p>\u00cembr\u0103cat \u00een nuan\u021be fermec\u0103toare de bej p\u0103m\u00e2ntiu, Kodiak Shadow este un omagiu adus paletei naturii. Versatil \u0219i durabil, se integreaz\u0103 f\u0103r\u0103 efort at\u00e2t \u00een designul modern, c\u00e2t \u0219i \u00een cel vintage, cre\u00e2nd o prezen\u021b\u0103 subtil\u0103 \u0219i \u00eenr\u0103d\u0103cinat\u0103, unde umbra devine punctul central.<\/p>\n","protected":false},"featured_media":18631,"template":"","meta":[],"product_brand":[],"product_cat":[1297,156,1314],"product_tag":[178],"class_list":{"0":"post-18640","1":"product","2":"type-product","3":"status-publish","4":"has-post-thumbnail","6":"product_cat-caramida-aparenta","7":"product_cat-doar-interior","8":"product_cat-in-productie","9":"product_tag-caramida","10":"pa_color-alb","11":"pa_color-bej","12":"pa_color-maro","13":"pa_color-multicolor","14":"pa_color-somon","15":"pa_coverage-per-box-0p90-m2","16":"pa_installation-cu-chit-de-rost","17":"pa_m-classification-necombustibil","18":"pa_material-ipsos","19":"pa_reaction-to-fire-clasa-a1","20":"pa_shape-dreptunghi-rotunjit","22":"first","23":"instock","24":"shipping-taxable","25":"product-type-simple"},"yoast_head":"<title>Kodiak Shadow | AtelierModulo<\/title>\n<meta name=\"robots\" content=\"index, follow, max-snippet:-1, max-image-preview:large, max-video-preview:-1\" \/>\n<link rel=\"canonical\" href=\"https:\/\/ateliermodulo.fr\/ro\/produs\/kodiak-shadow\/\" \/>\n<meta property=\"og:locale\" content=\"ro_RO\" \/>\n<meta property=\"og:type\" content=\"article\" \/>\n<meta property=\"og:title\" content=\"Kodiak Shadow | AtelierModulo\" \/>\n<meta property=\"og:description\" content=\"\u00cembr\u0103cat \u00een nuan\u021be fermec\u0103toare de bej p\u0103m\u00e2ntiu, Kodiak Shadow este un omagiu adus paletei naturii. Versatil \u0219i durabil, se integreaz\u0103 f\u0103r\u0103 efort at\u00e2t \u00een designul modern, c\u00e2t \u0219i \u00een cel vintage, cre\u00e2nd o prezen\u021b\u0103 subtil\u0103 \u0219i \u00eenr\u0103d\u0103cinat\u0103, unde umbra devine punctul central.\" \/>\n<meta property=\"og:url\" content=\"https:\/\/ateliermodulo.fr\/ro\/produs\/kodiak-shadow\/\" \/>\n<meta property=\"og:site_name\" content=\"AtelierModulo\" \/>\n<meta property=\"article:publisher\" content=\"https:\/\/www.facebook.com\/modulostones\/\" \/>\n<meta property=\"article:modified_time\" content=\"2024-07-08T07:59:16+00:00\" \/>\n<meta property=\"og:image\" content=\"https:\/\/ateliermodulo.fr\/wp-content\/uploads\/Kodiak-Shadow-Ambiance-1200x1200-1.jpg\" \/>\n\t<meta property=\"og:image:width\" content=\"1200\" \/>\n\t<meta property=\"og:image:height\" content=\"1200\" \/>\n\t<meta property=\"og:image:type\" content=\"image\/jpeg\" \/>\n<meta name=\"twitter:card\" content=\"summary_large_image\" \/>","yoast_head_json":{"title":"Kodiak Shadow | AtelierModulo","robots":{"index":"index","follow":"follow","max-snippet":"max-snippet:-1","max-image-preview":"max-image-preview:large","max-video-preview":"max-video-preview:-1"},"canonical":"https:\/\/ateliermodulo.fr\/ro\/produs\/kodiak-shadow\/","og_locale":"ro_RO","og_type":"article","og_title":"Kodiak Shadow | AtelierModulo","og_description":"\u00cembr\u0103cat \u00een nuan\u021be fermec\u0103toare de bej p\u0103m\u00e2ntiu, Kodiak Shadow este un omagiu adus paletei naturii. Versatil \u0219i durabil, se integreaz\u0103 f\u0103r\u0103 efort at\u00e2t \u00een designul modern, c\u00e2t \u0219i \u00een cel vintage, cre\u00e2nd o prezen\u021b\u0103 subtil\u0103 \u0219i \u00eenr\u0103d\u0103cinat\u0103, unde umbra devine punctul central.","og_url":"https:\/\/ateliermodulo.fr\/ro\/produs\/kodiak-shadow\/","og_site_name":"AtelierModulo","article_publisher":"https:\/\/www.facebook.com\/modulostones\/","article_modified_time":"2024-07-08T07:59:16+00:00","og_image":[{"width":1200,"height":1200,"url":"https:\/\/ateliermodulo.fr\/wp-content\/uploads\/Kodiak-Shadow-Ambiance-1200x1200-1.jpg","type":"image\/jpeg"}],"twitter_card":"summary_large_image","schema":{"@context":"https:\/\/schema.org","@graph":[{"@type":"WebPage","@id":"https:\/\/ateliermodulo.fr\/ro\/produs\/kodiak-shadow\/","url":"https:\/\/ateliermodulo.fr\/ro\/produs\/kodiak-shadow\/","name":"Kodiak Shadow | AtelierModulo","isPartOf":{"@id":"https:\/\/ateliermodulo.fr\/ro\/#website"},"primaryImageOfPage":{"@id":"https:\/\/ateliermodulo.fr\/ro\/produs\/kodiak-shadow\/#primaryimage"},"image":{"@id":"https:\/\/ateliermodulo.fr\/ro\/produs\/kodiak-shadow\/#primaryimage"},"thumbnailUrl":"https:\/\/ateliermodulo.fr\/wp-content\/uploads\/Kodiak-Shadow-Ambiance-1200x1200-1.jpg","datePublished":"2023-11-17T09:11:48+00:00","dateModified":"2024-07-08T07:59:16+00:00","breadcrumb":{"@id":"https:\/\/ateliermodulo.fr\/ro\/produs\/kodiak-shadow\/#breadcrumb"},"inLanguage":"ro-RO","potentialAction":[{"@type":"ReadAction","target":["https:\/\/ateliermodulo.fr\/ro\/produs\/kodiak-shadow\/"]}]},{"@type":"ImageObject","inLanguage":"ro-RO","@id":"https:\/\/ateliermodulo.fr\/ro\/produs\/kodiak-shadow\/#primaryimage","url":"https:\/\/ateliermodulo.fr\/wp-content\/uploads\/Kodiak-Shadow-Ambiance-1200x1200-1.jpg","contentUrl":"https:\/\/ateliermodulo.fr\/wp-content\/uploads\/Kodiak-Shadow-Ambiance-1200x1200-1.jpg","width":1200,"height":1200,"caption":"Kodiak Shadow"},{"@type":"BreadcrumbList","@id":"https:\/\/ateliermodulo.fr\/ro\/produs\/kodiak-shadow\/#breadcrumb","itemListElement":[{"@type":"ListItem","position":1,"name":"Home","item":"https:\/\/ateliermodulo.fr\/ro\/"},{"@type":"ListItem","position":2,"name":"Produse","item":"https:\/\/ateliermodulo.fr\/products\/"},{"@type":"ListItem","position":3,"name":"Kodiak Shadow"}]},{"@type":"WebSite","@id":"https:\/\/ateliermodulo.fr\/ro\/#website","url":"https:\/\/ateliermodulo.fr\/ro\/","name":"AtelierModulo","description":"Since the 1980\u2019s, frequently copied, never surpassed","publisher":{"@id":"https:\/\/ateliermodulo.fr\/ro\/#organization"},"potentialAction":[{"@type":"SearchAction","target":{"@type":"EntryPoint","urlTemplate":"https:\/\/ateliermodulo.fr\/ro\/?s={search_term_string}"},"query-input":{"@type":"PropertyValueSpecification","valueRequired":true,"valueName":"search_term_string"}}],"inLanguage":"ro-RO"},{"@type":"Organization","@id":"https:\/\/ateliermodulo.fr\/ro\/#organization","name":"Modulo Decorative Solutions","url":"https:\/\/ateliermodulo.fr\/ro\/","logo":{"@type":"ImageObject","inLanguage":"ro-RO","@id":"https:\/\/ateliermodulo.fr\/ro\/#\/schema\/logo\/image\/","url":"https:\/\/ateliermodulo.fr\/wp-content\/uploads\/MODULO-Logo-Color-1000x245-1.png","contentUrl":"https:\/\/ateliermodulo.fr\/wp-content\/uploads\/MODULO-Logo-Color-1000x245-1.png","width":1000,"height":245,"caption":"Modulo Decorative Solutions"},"image":{"@id":"https:\/\/ateliermodulo.fr\/ro\/#\/schema\/logo\/image\/"},"sameAs":["https:\/\/www.facebook.com\/modulostones\/"]}]}},"_links":{"self":[{"href":"https:\/\/ateliermodulo.fr\/ro\/wp-json\/wp\/v2\/product\/18640","targetHints":{"allow":["GET"]}}],"collection":[{"href":"https:\/\/ateliermodulo.fr\/ro\/wp-json\/wp\/v2\/product"}],"about":[{"href":"https:\/\/ateliermodulo.fr\/ro\/wp-json\/wp\/v2\/types\/product"}],"wp:featuredmedia":[{"embeddable":true,"href":"https:\/\/ateliermodulo.fr\/ro\/wp-json\/wp\/v2\/media\/18631"}],"wp:attachment":[{"href":"https:\/\/ateliermodulo.fr\/ro\/wp-json\/wp\/v2\/media?parent=18640"}],"wp:term":[{"taxonomy":"product_brand","embeddable":true,"href":"https:\/\/ateliermodulo.fr\/ro\/wp-json\/wp\/v2\/product_brand?post=18640"},{"taxonomy":"product_cat","embeddable":true,"href":"https:\/\/ateliermodulo.fr\/ro\/wp-json\/wp\/v2\/product_cat?post=18640"},{"taxonomy":"product_tag","embeddable":true,"href":"https:\/\/ateliermodulo.fr\/ro\/wp-json\/wp\/v2\/product_tag?post=18640"}],"curies":[{"name":"wp","href":"https:\/\/api.w.org\/{rel}","templated":true}]}}

<p>Îmbrăcat în nuanțe fermecătoare de bej pământiu, Kodiak Shadow este un omagiu adus paletei naturii. Versatil și durabil, se integrează fără efort atât în designul modern, cât și în cel vintage, creând o prezență subtilă și înrădăcinată, unde umbra devine punctul central.</p>

<title>Kodiak Shadow | AtelierModulo</title>
<meta name="robots" content="index, follow, max-snippet:-1, max-image-preview:large, max-video-preview:-1" />
<link rel="canonical" href="https://ateliermodulo.fr/ro/produs/kodiak-shadow/" />
<meta property="og:locale" content="ro_RO" />
<meta property="og:type" content="article" />
<meta property="og:title" content="Kodiak Shadow | AtelierModulo" />
<meta property="og:description" content="Îmbrăcat în nuanțe fermecătoare de bej pământiu, Kodiak Shadow este un omagiu adus paletei naturii. Versatil și durabil, se integrează fără efort atât în designul modern, cât și în cel vintage, creând o prezență subtilă și înrădăcinată, unde umbra devine punctul central." />
<meta property="og:url" content="https://ateliermodulo.fr/ro/produs/kodiak-shadow/" />
<meta property="og:site_name" content="AtelierModulo" />
<meta property="article:publisher" content="https://www.facebook.com/modulostones/" />
<meta property="article:modified_time" content="2024-07-08T07:59:16+00:00" />
<meta property="og:image" content="https://ateliermodulo.fr/wp-content/uploads/Kodiak-Shadow-Ambiance-1200x1200-1.jpg" />
	<meta property="og:image:width" content="1200" />
	<meta property="og:image:height" content="1200" />
	<meta property="og:image:type" content="image/jpeg" />
<meta name="twitter:card" content="summary_large_image" />

Îmbrăcat în nuanțe fermecătoare de bej pământiu, Kodiak Shadow este un omagiu adus paletei naturii. Versatil și durabil, se integrează fără efort atât în designul modern, cât și în cel vintage, creând o prezență subtilă și înrădăcinată, unde umbra devine punctul central.
