{"id":21198,"date":"2025-06-18T09:41:33","date_gmt":"2025-06-18T06:41:33","guid":{"rendered":"https:\/\/ateliermodulo.fr\/?post_type=cariere&#038;p=21189"},"modified":"2025-07-10T15:19:41","modified_gmt":"2025-07-10T12:19:41","slug":"ambalator-180625","status":"publish","type":"cariere","link":"https:\/\/ateliermodulo.fr\/ro\/cariere\/ambalator-180625\/","title":{"rendered":"Ambalator"},"content":{"rendered":"<div class=\"wpb-content-wrapper\"><p>[vc_row][vc_column][vc_single_image image=&#8221;21199&#8243; img_size=&#8221;full&#8221; alignment=&#8221;center&#8221; css=&#8221;&#8221; css_params=&#8221;&#8221;][\/vc_column][\/vc_row][vc_row][vc_column][vc_column_text css=&#8221;&#8221; css_params=&#8221;&#8221;]<\/p>\n<h1 class=\"jobs-show-main-header__infos-title\" data-v-ef7a9206=\"\">Ambalator<\/h1>\n<p>[\/vc_column_text][vc_column_text css=&#8221;&#8221; css_params=&#8221;&#8221;]___________<\/p>\n<p>E\u0219ti o persoan\u0103 serioas\u0103, atent\u0103 la detalii \u0219i te descurci bine la munc\u0103 fizic\u0103? Hai \u00een echipa noastr\u0103 de produc\u021bie!<br \/>\n<strong>Nu e nevoie de experien\u021b\u0103<\/strong> \u2013 doar dorin\u021b\u0103 de munc\u0103, implicare \u0219i un pic de aten\u021bie distributiv\u0103!<br \/>\nHai s\u0103 ambal\u0103m \u00eempreun\u0103 succesul!<br \/>\n[\/vc_column_text][\/vc_column][\/vc_row][vc_row][vc_column width=&#8221;1\/2&#8243;][vc_column_text css=&#8221;&#8221; css_params=&#8221;&#8221;]<span style=\"font-size: 1.2em; font-weight: 600; color: #212120;\">Ce ne dorim de la tine:<\/span><br \/>\n\u2022 Aten\u021bie la detalii \u0219i dorin\u021ba de a \u00eenv\u0103\u021ba categoriile de produse pentru o etichetare corect\u0103;<br \/>\n\u2022 Disponibilitate pentru lucru \u00een 1, 2 sau 3 schimburi, \u00een func\u021bie de planul de produc\u021bie;<br \/>\n\u2022 Seriozitate, punctualitate \u0219i respect fa\u021b\u0103 de colegi \u0219i munc\u0103.<\/p>\n<p>Ocazional, lucr\u0103m \u0219i \u00een weekend (aprox. 2\/sau pe lun\u0103, \u00een schimbul 1).[\/vc_column_text][\/vc_column][vc_column width=&#8221;1\/2&#8243;][vc_column_text css=&#8221;&#8221; css_params=&#8221;&#8221;]<span style=\"font-size: 1.2em; font-weight: 600; color: #212120;\">Descrierea jobului:<\/span><br \/>\n\u2022 A\u0219ezi pl\u0103cile \u00een cutii, le etichetezi \u0219i le preg\u0103te\u0219ti pentru livrare;<br \/>\n\u2022 Lipire, \u0219tampilare \u0219i legare a pale\u021bilor cu band\u0103 de polipropilen\u0103;<br \/>\n\u2022 Te asiguri c\u0103 fiecare produs este corect ambalat, marcat \u0219i plasat pe paletul potrivit.[\/vc_column_text][\/vc_column][\/vc_row][vc_row][vc_column][vc_column_text css=&#8221;&#8221; css_params=&#8221;&#8221;]<span style=\"font-size: 1.2em; font-weight: 600; color: #212120;\">Ce oferim:<\/span><br \/>\n\u2022 Salariu fix + tichete de mas\u0103 pana la (700-800 Ron);<br \/>\n\u2022 Decont transport (benzin\u0103 sau abonament \u2013 pentru cei din afara Turzii);<br \/>\n\u2022 Sporuri pentru ture de noapte \u0219i weekend;<br \/>\n\u2022 Plata orelor suplimentare \u00een fiecare lun\u0103 (f\u0103r\u0103 banc\u0103 de timp);<br \/>\n\u2022 Prime de Pa\u0219te \u0219i Cr\u0103ciun + bonusuri pentru evenimente speciale.[\/vc_column_text][vc_column_text css=&#8221;&#8221; css_params=&#8221;&#8221;]<span style=\"font-size: 1.2em; font-weight: 600; color: #212120;\">Loca\u021bie: <\/span><br \/>\nTurda[\/vc_column_text][vc_column_text css=&#8221;&#8221; css_params=&#8221;&#8221;]<span style=\"font-size: 1.2em; font-weight: 600; color: #212120;\">Posturi disponibile: <\/span><strong>nespecificat<\/strong><\/p>\n<p><span class=\"badge bg-secondary\">Anun\u021b dezactivat<\/span> &#8211; <span class=\"badge bg-light text-dark\"> perioada de recrutare: 18 iunie 2025 - 24 iulie 2025<\/span>[\/vc_column_text][\/vc_column][\/vc_row][vc_row css=&#8221;.vc_custom_1750160461370{padding-top: 20px !important;padding-bottom: 20px !important;background-color: #e5e5e5 !important;border-radius: 4px !important;}&#8221; conditional_render=&#8221;%5B%7B%22value_role%22%3A%22administrator%22%7D%5D&#8221; css_params=&#8221;&#8221;][vc_column][vc_row_inner][vc_column_inner][vc_column_text css=&#8221;&#8221; css_params=&#8221;&#8221;]<\/p>\n<h3 style=\"text-align: center; color: #777777;\">INTR\u0102 \u00ceN CONTACT CU NOI<\/h3>\n<p>[\/vc_column_text][\/vc_column_inner][\/vc_row_inner][vc_row_inner][vc_column_inner width=&#8221;1\/3&#8243;]<div class=\"porto-sicon-box  wpb_custom_265e75da8c3e4d268042993c7a203490 style_1 top-icon\"><div class=\"porto-sicon-top\"><div class=\"porto-just-icon-wrapper porto-icon none\" style=\"font-size:32px;\"><i class=\"fas fa-phone\"><\/i><\/div><\/div><div class=\"porto-sicon-header\"><h3 class=\"porto-sicon-title\" style=\"\">Telefon<\/h3><\/div> <!-- header --><div class=\"porto-sicon-description\" style=\"\"><a style=\"color: #777777;\" href=\"tel:+40752194399\" target=\"_blank\" rel=\"noopener\">0752194399<\/a><\/div> <!-- description --><\/div><!-- porto-sicon-box -->[\/vc_column_inner][vc_column_inner width=&#8221;1\/3&#8243;]<div class=\"porto-sicon-box  wpb_custom_78ba6f5c3bf09215e2e350a1c893e267 style_1 top-icon\"><div class=\"porto-sicon-top\"><div class=\"porto-just-icon-wrapper porto-icon none\" style=\"font-size:32px;\"><i class=\"fas fa-map-marker-alt\"><\/i><\/div><\/div><div class=\"porto-sicon-header\"><h3 class=\"porto-sicon-title\" style=\"\">Adresa<\/h3><\/div> <!-- header --><div class=\"porto-sicon-description\" style=\"\"><a style=\"color: #777777;\" href=\"https:\/\/maps.app.goo.gl\/KMUTEyJvqSHUrDBC9\" target=\"_blank\" rel=\"noopener\">Strada 22 Decembrie 1989, Nr. 29,<br \/>\nTurda, 401113, Cluj<\/a><\/div> <!-- description --><\/div><!-- porto-sicon-box -->[\/vc_column_inner][vc_column_inner width=&#8221;1\/3&#8243;]<div class=\"porto-sicon-box  wpb_custom_78ba6f5c3bf09215e2e350a1c893e267 style_1 top-icon\"><div class=\"porto-sicon-top\"><div class=\"porto-just-icon-wrapper porto-icon none\" style=\"font-size:32px;\"><i class=\"fas fa-paper-plane\"><\/i><\/div><\/div><div class=\"porto-sicon-header\"><h3 class=\"porto-sicon-title\" style=\"\">E-mail<\/h3><\/div> <!-- header --><div class=\"porto-sicon-description\" style=\"\"><a style=\"color: #777777;\" href=\"mailto:hr@modulo.fr\" target=\"_blank\" rel=\"noopener\">hr@modulo.fr<\/a><\/div> <!-- description --><\/div><!-- porto-sicon-box -->[\/vc_column_inner][\/vc_row_inner][\/vc_column][\/vc_row]<\/p>\n<\/div>","protected":false},"excerpt":{"rendered":"<p>[vc_row][vc_column][vc_single_image image=&#8221;21199&#8243; img_size=&#8221;full&#8221; alignment=&#8221;center&#8221; css=&#8221;&#8221; css_params=&#8221;&#8221;][\/vc_column][\/vc_row][vc_row][vc_column][vc_column_text css=&#8221;&#8221; css_params=&#8221;&#8221;] Ambalator [\/vc_column_text][vc_column_text css=&#8221;&#8221; css_params=&#8221;&#8221;]___________ E\u0219ti o persoan\u0103 serioas\u0103, atent\u0103 la detalii \u0219i te descurci bine la munc\u0103 fizic\u0103? Hai \u00een echipa noastr\u0103 de produc\u021bie! Nu e nevoie de experien\u021b\u0103 \u2013 doar dorin\u021b\u0103 de munc\u0103, implicare \u0219i un pic de aten\u021bie distributiv\u0103! Hai s\u0103 ambal\u0103m \u00eempreun\u0103 succesul! [\/vc_column_text][\/vc_column][\/vc_row][vc_row][vc_column [&hellip;]<\/p>\n","protected":false},"featured_media":21201,"template":"","meta":[],"class_list":["post-21198","cariere","type-cariere","status-publish","has-post-thumbnail","hentry"],"yoast_head":"<title>Ambalator | AtelierModulo<\/title>\n<meta name=\"description\" content=\"Angaj\u0103m AMBALATOR \u00een Turda! | Nu e nevoie de experien\u021b\u0103 \u2013 doar dorin\u021b\u0103 de munc\u0103, implicare \u0219i un pic de aten\u021bie distributiv\u0103!\" \/>\n<meta name=\"robots\" content=\"index, follow, max-snippet:-1, max-image-preview:large, max-video-preview:-1\" \/>\n<link rel=\"canonical\" href=\"https:\/\/ateliermodulo.fr\/ro\/cariere\/ambalator-180625\/\" \/>\n<meta property=\"og:locale\" content=\"ro_RO\" \/>\n<meta property=\"og:type\" content=\"article\" \/>\n<meta property=\"og:title\" content=\"Ambalator | AtelierModulo\" \/>\n<meta property=\"og:description\" content=\"Angaj\u0103m AMBALATOR \u00een Turda! | Nu e nevoie de experien\u021b\u0103 \u2013 doar dorin\u021b\u0103 de munc\u0103, implicare \u0219i un pic de aten\u021bie distributiv\u0103!\" \/>\n<meta property=\"og:url\" content=\"https:\/\/ateliermodulo.fr\/ro\/cariere\/ambalator-180625\/\" \/>\n<meta property=\"og:site_name\" content=\"AtelierModulo\" \/>\n<meta property=\"article:publisher\" content=\"https:\/\/www.facebook.com\/modulostones\/\" \/>\n<meta property=\"article:modified_time\" content=\"2025-07-10T12:19:41+00:00\" \/>\n<meta property=\"og:image\" content=\"https:\/\/ateliermodulo.fr\/wp-content\/uploads\/cariere-modulo-2025-ambalator-1200x600-2.jpg\" \/>\n\t<meta property=\"og:image:width\" content=\"600\" \/>\n\t<meta property=\"og:image:height\" content=\"600\" \/>\n\t<meta property=\"og:image:type\" content=\"image\/jpeg\" \/>\n<meta name=\"twitter:card\" content=\"summary_large_image\" \/>\n<meta name=\"twitter:label1\" content=\"Timp estimat pentru citire\" \/>\n\t<meta name=\"twitter:data1\" content=\"2 minute\" \/>","yoast_head_json":{"title":"Ambalator | AtelierModulo","description":"Angaj\u0103m AMBALATOR \u00een Turda! | Nu e nevoie de experien\u021b\u0103 \u2013 doar dorin\u021b\u0103 de munc\u0103, implicare \u0219i un pic de aten\u021bie distributiv\u0103!","robots":{"index":"index","follow":"follow","max-snippet":"max-snippet:-1","max-image-preview":"max-image-preview:large","max-video-preview":"max-video-preview:-1"},"canonical":"https:\/\/ateliermodulo.fr\/ro\/cariere\/ambalator-180625\/","og_locale":"ro_RO","og_type":"article","og_title":"Ambalator | AtelierModulo","og_description":"Angaj\u0103m AMBALATOR \u00een Turda! | Nu e nevoie de experien\u021b\u0103 \u2013 doar dorin\u021b\u0103 de munc\u0103, implicare \u0219i un pic de aten\u021bie distributiv\u0103!","og_url":"https:\/\/ateliermodulo.fr\/ro\/cariere\/ambalator-180625\/","og_site_name":"AtelierModulo","article_publisher":"https:\/\/www.facebook.com\/modulostones\/","article_modified_time":"2025-07-10T12:19:41+00:00","og_image":[{"width":600,"height":600,"url":"https:\/\/ateliermodulo.fr\/wp-content\/uploads\/cariere-modulo-2025-ambalator-1200x600-2.jpg","type":"image\/jpeg"}],"twitter_card":"summary_large_image","twitter_misc":{"Timp estimat pentru citire":"2 minute"},"schema":{"@context":"https:\/\/schema.org","@graph":[{"@type":"WebPage","@id":"https:\/\/ateliermodulo.fr\/ro\/cariere\/ambalator-180625\/","url":"https:\/\/ateliermodulo.fr\/ro\/cariere\/ambalator-180625\/","name":"Ambalator | AtelierModulo","isPartOf":{"@id":"https:\/\/ateliermodulo.fr\/ro\/#website"},"primaryImageOfPage":{"@id":"https:\/\/ateliermodulo.fr\/ro\/cariere\/ambalator-180625\/#primaryimage"},"image":{"@id":"https:\/\/ateliermodulo.fr\/ro\/cariere\/ambalator-180625\/#primaryimage"},"thumbnailUrl":"https:\/\/ateliermodulo.fr\/wp-content\/uploads\/cariere-modulo-2025-ambalator-1200x600-2.jpg","datePublished":"2025-06-18T06:41:33+00:00","dateModified":"2025-07-10T12:19:41+00:00","description":"Angaj\u0103m AMBALATOR \u00een Turda! | Nu e nevoie de experien\u021b\u0103 \u2013 doar dorin\u021b\u0103 de munc\u0103, implicare \u0219i un pic de aten\u021bie distributiv\u0103!","breadcrumb":{"@id":"https:\/\/ateliermodulo.fr\/ro\/cariere\/ambalator-180625\/#breadcrumb"},"inLanguage":"ro-RO","potentialAction":[{"@type":"ReadAction","target":["https:\/\/ateliermodulo.fr\/ro\/cariere\/ambalator-180625\/"]}]},{"@type":"ImageObject","inLanguage":"ro-RO","@id":"https:\/\/ateliermodulo.fr\/ro\/cariere\/ambalator-180625\/#primaryimage","url":"https:\/\/ateliermodulo.fr\/wp-content\/uploads\/cariere-modulo-2025-ambalator-1200x600-2.jpg","contentUrl":"https:\/\/ateliermodulo.fr\/wp-content\/uploads\/cariere-modulo-2025-ambalator-1200x600-2.jpg","width":600,"height":600},{"@type":"BreadcrumbList","@id":"https:\/\/ateliermodulo.fr\/ro\/cariere\/ambalator-180625\/#breadcrumb","itemListElement":[{"@type":"ListItem","position":1,"name":"Home","item":"https:\/\/ateliermodulo.fr\/ro\/"},{"@type":"ListItem","position":2,"name":"Cariere","item":"https:\/\/ateliermodulo.fr\/ro\/cariere\/"},{"@type":"ListItem","position":3,"name":"Ambalator"}]},{"@type":"WebSite","@id":"https:\/\/ateliermodulo.fr\/ro\/#website","url":"https:\/\/ateliermodulo.fr\/ro\/","name":"AtelierModulo","description":"Since the 1980\u2019s, frequently copied, never surpassed","publisher":{"@id":"https:\/\/ateliermodulo.fr\/ro\/#organization"},"potentialAction":[{"@type":"SearchAction","target":{"@type":"EntryPoint","urlTemplate":"https:\/\/ateliermodulo.fr\/ro\/?s={search_term_string}"},"query-input":{"@type":"PropertyValueSpecification","valueRequired":true,"valueName":"search_term_string"}}],"inLanguage":"ro-RO"},{"@type":"Organization","@id":"https:\/\/ateliermodulo.fr\/ro\/#organization","name":"Modulo Decorative Solutions","url":"https:\/\/ateliermodulo.fr\/ro\/","logo":{"@type":"ImageObject","inLanguage":"ro-RO","@id":"https:\/\/ateliermodulo.fr\/ro\/#\/schema\/logo\/image\/","url":"https:\/\/ateliermodulo.fr\/wp-content\/uploads\/MODULO-Logo-Color-1000x245-1.png","contentUrl":"https:\/\/ateliermodulo.fr\/wp-content\/uploads\/MODULO-Logo-Color-1000x245-1.png","width":1000,"height":245,"caption":"Modulo Decorative Solutions"},"image":{"@id":"https:\/\/ateliermodulo.fr\/ro\/#\/schema\/logo\/image\/"},"sameAs":["https:\/\/www.facebook.com\/modulostones\/"]}]}},"_links":{"self":[{"href":"https:\/\/ateliermodulo.fr\/ro\/wp-json\/wp\/v2\/cariere\/21198","targetHints":{"allow":["GET"]}}],"collection":[{"href":"https:\/\/ateliermodulo.fr\/ro\/wp-json\/wp\/v2\/cariere"}],"about":[{"href":"https:\/\/ateliermodulo.fr\/ro\/wp-json\/wp\/v2\/types\/cariere"}],"wp:featuredmedia":[{"embeddable":true,"href":"https:\/\/ateliermodulo.fr\/ro\/wp-json\/wp\/v2\/media\/21201"}],"wp:attachment":[{"href":"https:\/\/ateliermodulo.fr\/ro\/wp-json\/wp\/v2\/media?parent=21198"}],"curies":[{"name":"wp","href":"https:\/\/api.w.org\/{rel}","templated":true}]}}

<div class="wpb-content-wrapper"><p>[vc_row][vc_column][vc_single_image image=&#8221;21199&#8243; img_size=&#8221;full&#8221; alignment=&#8221;center&#8221; css=&#8221;&#8221; css_params=&#8221;&#8221;][/vc_column][/vc_row][vc_row][vc_column][vc_column_text css=&#8221;&#8221; css_params=&#8221;&#8221;]</p>
<h1 class="jobs-show-main-header__infos-title" data-v-ef7a9206="">Ambalator</h1>
<p>[/vc_column_text][vc_column_text css=&#8221;&#8221; css_params=&#8221;&#8221;]___________</p>
<p>Ești o persoană serioasă, atentă la detalii și te descurci bine la muncă fizică? Hai în echipa noastră de producție!<br />
<strong>Nu e nevoie de experiență</strong> – doar dorință de muncă, implicare și un pic de atenție distributivă!<br />
Hai să ambalăm împreună succesul!<br />
[/vc_column_text][/vc_column][/vc_row][vc_row][vc_column width=&#8221;1/2&#8243;][vc_column_text css=&#8221;&#8221; css_params=&#8221;&#8221;]<span style="font-size: 1.2em; font-weight: 600; color: #212120;">Ce ne dorim de la tine:</span><br />
• Atenție la detalii și dorința de a învăța categoriile de produse pentru o etichetare corectă;<br />
• Disponibilitate pentru lucru în 1, 2 sau 3 schimburi, în funcție de planul de producție;<br />
• Seriozitate, punctualitate și respect față de colegi și muncă.</p>
<p>Ocazional, lucrăm și în weekend (aprox. 2/sau pe lună, în schimbul 1).[/vc_column_text][/vc_column][vc_column width=&#8221;1/2&#8243;][vc_column_text css=&#8221;&#8221; css_params=&#8221;&#8221;]<span style="font-size: 1.2em; font-weight: 600; color: #212120;">Descrierea jobului:</span><br />
• Așezi plăcile în cutii, le etichetezi și le pregătești pentru livrare;<br />
• Lipire, ștampilare și legare a paleților cu bandă de polipropilenă;<br />
• Te asiguri că fiecare produs este corect ambalat, marcat și plasat pe paletul potrivit.[/vc_column_text][/vc_column][/vc_row][vc_row][vc_column][vc_column_text css=&#8221;&#8221; css_params=&#8221;&#8221;]<span style="font-size: 1.2em; font-weight: 600; color: #212120;">Ce oferim:</span><br />
• Salariu fix + tichete de masă pana la (700-800 Ron);<br />
• Decont transport (benzină sau abonament – pentru cei din afara Turzii);<br />
• Sporuri pentru ture de noapte și weekend;<br />
• Plata orelor suplimentare în fiecare lună (fără bancă de timp);<br />
• Prime de Paște și Crăciun + bonusuri pentru evenimente speciale.[/vc_column_text][vc_column_text css=&#8221;&#8221; css_params=&#8221;&#8221;]<span style="font-size: 1.2em; font-weight: 600; color: #212120;">Locație: </span><br />
Turda[/vc_column_text][vc_column_text css=&#8221;&#8221; css_params=&#8221;&#8221;]<span style="font-size: 1.2em; font-weight: 600; color: #212120;">Posturi disponibile: </span><strong>nespecificat</strong></p>
<p><span class="badge bg-secondary">Anunț dezactivat</span> &#8211; <span class="badge bg-light text-dark"> perioada de recrutare: 18 iunie 2025 - 24 iulie 2025</span>[/vc_column_text][/vc_column][/vc_row][vc_row css=&#8221;.vc_custom_1750160461370{padding-top: 20px !important;padding-bottom: 20px !important;background-color: #e5e5e5 !important;border-radius: 4px !important;}&#8221; conditional_render=&#8221;%5B%7B%22value_role%22%3A%22administrator%22%7D%5D&#8221; css_params=&#8221;&#8221;][vc_column][vc_row_inner][vc_column_inner][vc_column_text css=&#8221;&#8221; css_params=&#8221;&#8221;]</p>
<h3 style="text-align: center; color: #777777;">INTRĂ ÎN CONTACT CU NOI</h3>
<p>[/vc_column_text][/vc_column_inner][/vc_row_inner][vc_row_inner][vc_column_inner width=&#8221;1/3&#8243;]<div class="porto-sicon-box  wpb_custom_265e75da8c3e4d268042993c7a203490 style_1 top-icon"><div class="porto-sicon-top"><div class="porto-just-icon-wrapper porto-icon none" style="font-size:32px;"><i class="fas fa-phone"></i></div></div><div class="porto-sicon-header"><h3 class="porto-sicon-title" style="">Telefon</h3></div> <!-- header --><div class="porto-sicon-description" style=""><a style="color: #777777;" href="tel:+40752194399" target="_blank" rel="noopener">0752194399</a></div> <!-- description --></div><!-- porto-sicon-box -->[/vc_column_inner][vc_column_inner width=&#8221;1/3&#8243;]<div class="porto-sicon-box  wpb_custom_78ba6f5c3bf09215e2e350a1c893e267 style_1 top-icon"><div class="porto-sicon-top"><div class="porto-just-icon-wrapper porto-icon none" style="font-size:32px;"><i class="fas fa-map-marker-alt"></i></div></div><div class="porto-sicon-header"><h3 class="porto-sicon-title" style="">Adresa</h3></div> <!-- header --><div class="porto-sicon-description" style=""><a style="color: #777777;" href="https://maps.app.goo.gl/KMUTEyJvqSHUrDBC9" target="_blank" rel="noopener">Strada 22 Decembrie 1989, Nr. 29,<br />
Turda, 401113, Cluj</a></div> <!-- description --></div><!-- porto-sicon-box -->[/vc_column_inner][vc_column_inner width=&#8221;1/3&#8243;]<div class="porto-sicon-box  wpb_custom_78ba6f5c3bf09215e2e350a1c893e267 style_1 top-icon"><div class="porto-sicon-top"><div class="porto-just-icon-wrapper porto-icon none" style="font-size:32px;"><i class="fas fa-paper-plane"></i></div></div><div class="porto-sicon-header"><h3 class="porto-sicon-title" style="">E-mail</h3></div> <!-- header --><div class="porto-sicon-description" style=""><a style="color: #777777;" href="mailto:hr@modulo.fr" target="_blank" rel="noopener">hr@modulo.fr</a></div> <!-- description --></div><!-- porto-sicon-box -->[/vc_column_inner][/vc_row_inner][/vc_column][/vc_row]</p>
</div>

<p>[vc_row][vc_column][vc_single_image image=&#8221;21199&#8243; img_size=&#8221;full&#8221; alignment=&#8221;center&#8221; css=&#8221;&#8221; css_params=&#8221;&#8221;][/vc_column][/vc_row][vc_row][vc_column][vc_column_text css=&#8221;&#8221; css_params=&#8221;&#8221;] Ambalator [/vc_column_text][vc_column_text css=&#8221;&#8221; css_params=&#8221;&#8221;]___________ Ești o persoană serioasă, atentă la detalii și te descurci bine la muncă fizică? Hai în echipa noastră de producție! Nu e nevoie de experiență – doar dorință de muncă, implicare și un pic de atenție distributivă! Hai să ambalăm împreună succesul! [/vc_column_text][/vc_column][/vc_row][vc_row][vc_column [&hellip;]</p>

<title>Ambalator | AtelierModulo</title>
<meta name="description" content="Angajăm AMBALATOR în Turda! | Nu e nevoie de experiență – doar dorință de muncă, implicare și un pic de atenție distributivă!" />
<meta name="robots" content="index, follow, max-snippet:-1, max-image-preview:large, max-video-preview:-1" />
<link rel="canonical" href="https://ateliermodulo.fr/ro/cariere/ambalator-180625/" />
<meta property="og:locale" content="ro_RO" />
<meta property="og:type" content="article" />
<meta property="og:title" content="Ambalator | AtelierModulo" />
<meta property="og:description" content="Angajăm AMBALATOR în Turda! | Nu e nevoie de experiență – doar dorință de muncă, implicare și un pic de atenție distributivă!" />
<meta property="og:url" content="https://ateliermodulo.fr/ro/cariere/ambalator-180625/" />
<meta property="og:site_name" content="AtelierModulo" />
<meta property="article:publisher" content="https://www.facebook.com/modulostones/" />
<meta property="article:modified_time" content="2025-07-10T12:19:41+00:00" />
<meta property="og:image" content="https://ateliermodulo.fr/wp-content/uploads/cariere-modulo-2025-ambalator-1200x600-2.jpg" />
	<meta property="og:image:width" content="600" />
	<meta property="og:image:height" content="600" />
	<meta property="og:image:type" content="image/jpeg" />
<meta name="twitter:card" content="summary_large_image" />
<meta name="twitter:label1" content="Timp estimat pentru citire" />
	<meta name="twitter:data1" content="2 minute" />

Angajăm AMBALATOR în Turda! | Nu e nevoie de experiență – doar dorință de muncă, implicare și un pic de atenție distributivă!
